{"id":507,"date":"2020-10-26T18:10:02","date_gmt":"2020-10-26T18:10:02","guid":{"rendered":"http:\/\/blog.saranagata.de\/?page_id=507"},"modified":"2020-10-26T18:10:03","modified_gmt":"2020-10-26T18:10:03","slug":"der-lamaismus","status":"publish","type":"page","link":"http:\/\/blog.saranagata.de\/?page_id=507","title":{"rendered":"Der Lamaismus"},"content":{"rendered":"\n<p>Ein Dalai Lama wird nach den Richtlinien des &#8222;Tulku-Verfahrens&#8220; unter Ber\u00fccksichtigung von (skt.) Tri-Kaya = drei K\u00f6rpermerkmalen ausgew\u00e4hlt. Nach Einweihung und Schulung wird er der h\u00f6chster spiritueller Geistlicher und als Guru stellt er die Emanation von Bodhisattva- Avalakiteswar oder Bodhisatva- Manjushri dar! Das Verfahren an sich wurde erst im 13. Jh. f\u00fcr den Kardinal (Karmapa) der Kagy\u00fcpa-Schule eingef\u00fchrt.<\/p>\n\n\n\n<p>Ab dem 5. Dalai Lama Ngawang Lobzang Gyatso (1617 &#8211; 1682 n. Chr.) begann die bereits etablierte Herrschaft der Dalai Lama an Macht zu gewinnen und ihre &#8222;Gelugpa-Schule&#8220; gewann enorme Bedeutung!<\/p>\n\n\n\n<p><\/p>\n\n\n\n<h3 class=\"wp-block-heading\"><strong>Dalai Lama und der Panchen Lama<\/strong><\/h3>\n\n\n\n<p>Am Anfang wurden die wichtigste \u00c4bte des bekannten Klosters Panchen als Panchen Lama (gro\u00dfer Juwel) bezeichnet. Erst nach dem Tod von Abt Panchen Lobsang Choegyen, wurde das Tulku-System auch f\u00fcr Panchen Lamas eingef\u00fchrt. Fortan legte es die Anerkennung des Dalai Lama und der Panchen Lamas fest. Im Laufe der Entwicklung bekam der Dalai Lama das Recht, den Panchen Lama offiziell zu best\u00e4tigen.<\/p>\n\n\n\n<p>1995 wurde der bislang der letzte Panchen Lama vom Dalai Lama anerkannt, es ist der 11. Panchen Lama. Er hei\u00dft Gedun Ch\u00f6kyi Nyima und wurde am 25.04.1989 geboren. Drei Tage sp\u00e4ter soll er mit seinen Eltern von den chinesischen Regierung entf\u00fchrt worden sein. Sein derzeitiger Aufenthaltsort ist unbekannt. Der Dalai Lama gilt als Inkarnation von Boddhisattva Avalokiteshwar und Panchen Lama gilt als Inkarnation Boddhisattva Amitabha!<\/p>\n\n\n\n<p>Der 14. Dalai Lama hei\u00dft Ngawang Lobsang Tenzin Gyatso. Im Jahr 1989 erhielt er den Friedensnobelpreis. Die zunehmende Popularit\u00e4t des tibetischen Buddhismus im Westen ist mit Sicherheit auch auf seine Pr\u00e4senz und den Paradigmenwechsel zur\u00fcckzuf\u00fchren.<\/p>\n\n\n\n<p>Es sollte nicht verschwiegen werden, dass das tibetische Volk von jeher gro\u00dfes Leid erfahren hat. Sei es unter seinen K\u00f6nigen, seinen Gro\u00dfgrundbesitzern oder gar unter der Theokratie &#8211; immer hat das Volk Grausamkeit, Willk\u00fcr und Brutalit\u00e4t erdulden m\u00fcssen!<\/p>\n\n\n\n<h3 class=\"wp-block-heading\"><strong>Die buddhistischen Missions-Lehr- Schulen in Tibet<\/strong><\/h3>\n\n\n\n<p>Der tibetische Buddhismus l\u00e4sst sich in 5 lamaistischen Missions-Lehrschulen zusammenfassen:<\/p>\n\n\n\n<ol><li>die Ny ing ma pa<\/li><li>die Gelug pa<\/li><li>die Sakya pa<\/li><li>die Kagy\u00fc pa und<\/li><li>die C\u00f6 pa<\/li><\/ol>\n\n\n\n<p>Die Sch\u00fcler der 1., 2., und 4., Schule tragen als Zeichen der Zugeh\u00f6rigkeit rote M\u00fctzen und nur die der 3. Schule tragen gelbe M\u00fctzen!<\/p>\n\n\n\n<p>Von den verschiedenen Str\u00f6mungen des Vajrayana-Buddismus in Tibet m\u00f6chte ich nur die beiden wichtigsten erw\u00e4hnen:<\/p>\n\n\n\n<p>aa.) <strong>Die Gelug<\/strong> pa:<br>Der indische Gelehrte Atisha ist der Begr\u00fcnder der Gelug-Tradition. Tsongkapa (geb. 1357 n. Chr.) f\u00fchrte diese Tradition weiter und belebte sie. Im Jahr 1409 gr\u00fcndete er das ber\u00fchmte Kloster und die Schule in Ganden. Seine Neffe Gendun Dr\u00fcb war der erste Dalai Lama und die von ihm gegr\u00fcndete Klosterschule au\u00dferhalb von Lhasa war sp\u00e4ter der Hauptsitz des Panchen Lama. Der erste Panchen Lama war der Initiator des 4. und 5. Dalai Lama!<\/p>\n\n\n\n<p>bb.) Die <strong>Kagy\u00fc pa<\/strong>:<br>Diese Lehrrichtung geht zur\u00fcck auf Naropa (1016 &#8211; 1100 n. Chr.). Marpa (1012 &#8211; 1097 n. Chr.),der \u00dcbersetzer, f\u00fchrte die Tradition der Mahamudra-Lehre, die von Tilopa und Naropa eingef\u00fchrt worden war, weiter. Angeblich traf er mit dem Gelehrten Atisha zusammen. Sein Sch\u00fcler war Milarepa (1042 &#8211; 1123 n. Chr.), sehr bekannt als der &#8222;epochaler Yogi&#8220;. Dann folgte Gampopa (1079 &#8211; 1153 n. Chr.),und er gr\u00fcndete die Lehrrichtung die als &#8222;Dhagpo Kagy\u00fc&#8220; bekannt ist. Ihm folgte D\u00fcsum Khyenpa. Er war der 1.Karmapa und Gr\u00fcnder der &#8222;Karma Kagy\u00fc Linie&#8220;. Der Bl\u00fctezeit war zwischen dem 13. bis Anfang des 17 Jh.. Dann ging die Zahl der Sch\u00fcler rapide zur\u00fcck, bedingt durch politische Umw\u00e4lzungen im Lande. Ab dem 13. Karmapa (Dodul Dorje 1733 &#8211; 1797 n. Chr.) besserte sich die Lage. Im Jahr 1959 fl\u00fcchtete der 16. Karmapa nach Sikkim und gr\u00fcndete dort ein Dharma-Chakra-Zentrum, das sp\u00e4ter ein Kloster mit dem Status einer Universit\u00e4t wurde! Au\u00dferdem gr\u00fcndete er zahlreiche Zentren im Westen, denn erstaunlicherweise fand dort und findet immer noch dieser tibetische Vajrayana-Buddismus gro\u00dfen Anklang. Der 16. Karmapa versuchte alle Exil-Tibeter zusammenzuf\u00fchren. Er starb in 1981 in den USA.<\/p>\n\n\n\n<p>Der inthronisierte 17. Karmapa ist der im 1983 geborene Trinley Thaye Dorje, (Trinley = Buddhas Mission, Thaye = Unendlich , Dorje = ewig).<\/p>\n","protected":false},"excerpt":{"rendered":"<p>Ein Dalai Lama wird nach den Richtlinien des &#8222;Tulku-Verfahrens&#8220; unter Ber\u00fccksichtigung von (skt.) Tri-Kaya = drei K\u00f6rpermerkmalen ausgew\u00e4hlt. Nach Einweihung und Schulung wird er der h\u00f6chster spiritueller Geistlicher und als Guru stellt er die Emanation von Bodhisattva- Avalakiteswar oder Bodhisatva- Manjushri dar! Das Verfahren an sich wurde erst im 13. Jh. f\u00fcr den Kardinal (Karmapa) &hellip; <a href=\"http:\/\/blog.saranagata.de\/?page_id=507\" class=\"more-link\"><span class=\"screen-reader-text\">Der Lamaismus<\/span> weiterlesen<\/a><\/p>\n","protected":false},"author":1,"featured_media":0,"parent":0,"menu_order":0,"comment_status":"closed","ping_status":"closed","template":"","meta":[],"yoast_head":"<!-- This site is optimized with the Yoast SEO plugin v20.10 - https:\/\/yoast.com\/wordpress\/plugins\/seo\/ -->\n<title>Der Lamaismus - Saranagata<\/title>\n<meta name=\"robots\" content=\"index, follow, max-snippet:-1, max-image-preview:large, max-video-preview:-1\" \/>\n<link rel=\"canonical\" href=\"http:\/\/blog.saranagata.de\/?page_id=507\" \/>\n<meta property=\"og:locale\" content=\"de_DE\" \/>\n<meta property=\"og:type\" content=\"article\" \/>\n<meta property=\"og:title\" content=\"Der Lamaismus - Saranagata\" \/>\n<meta property=\"og:description\" content=\"Ein Dalai Lama wird nach den Richtlinien des &#8222;Tulku-Verfahrens&#8220; unter Ber\u00fccksichtigung von (skt.) Tri-Kaya = drei K\u00f6rpermerkmalen ausgew\u00e4hlt. Nach Einweihung und Schulung wird er der h\u00f6chster spiritueller Geistlicher und als Guru stellt er die Emanation von Bodhisattva- Avalakiteswar oder Bodhisatva- Manjushri dar! Das Verfahren an sich wurde erst im 13. Jh. f\u00fcr den Kardinal (Karmapa) &hellip; Der Lamaismus weiterlesen\" \/>\n<meta property=\"og:url\" content=\"http:\/\/blog.saranagata.de\/?page_id=507\" \/>\n<meta property=\"og:site_name\" content=\"Saranagata\" \/>\n<meta property=\"article:modified_time\" content=\"2020-10-26T18:10:03+00:00\" \/>\n<meta name=\"twitter:card\" content=\"summary_large_image\" \/>\n<meta name=\"twitter:label1\" content=\"Gesch\u00e4tzte Lesezeit\" \/>\n\t<meta name=\"twitter:data1\" content=\"3 Minuten\" \/>\n<script type=\"application\/ld+json\" class=\"yoast-schema-graph\">{\"@context\":\"https:\/\/schema.org\",\"@graph\":[{\"@type\":\"WebPage\",\"@id\":\"http:\/\/blog.saranagata.de\/?page_id=507\",\"url\":\"http:\/\/blog.saranagata.de\/?page_id=507\",\"name\":\"Der Lamaismus - Saranagata\",\"isPartOf\":{\"@id\":\"http:\/\/blog.saranagata.de\/#website\"},\"datePublished\":\"2020-10-26T18:10:02+00:00\",\"dateModified\":\"2020-10-26T18:10:03+00:00\",\"breadcrumb\":{\"@id\":\"http:\/\/blog.saranagata.de\/?page_id=507#breadcrumb\"},\"inLanguage\":\"de-DE\",\"potentialAction\":[{\"@type\":\"ReadAction\",\"target\":[\"http:\/\/blog.saranagata.de\/?page_id=507\"]}]},{\"@type\":\"BreadcrumbList\",\"@id\":\"http:\/\/blog.saranagata.de\/?page_id=507#breadcrumb\",\"itemListElement\":[{\"@type\":\"ListItem\",\"position\":1,\"name\":\"Startseite\",\"item\":\"http:\/\/blog.saranagata.de\/\"},{\"@type\":\"ListItem\",\"position\":2,\"name\":\"Der Lamaismus\"}]},{\"@type\":\"WebSite\",\"@id\":\"http:\/\/blog.saranagata.de\/#website\",\"url\":\"http:\/\/blog.saranagata.de\/\",\"name\":\"Saranagata\",\"description\":\"Parthasarathis spirituelle Oase\",\"potentialAction\":[{\"@type\":\"SearchAction\",\"target\":{\"@type\":\"EntryPoint\",\"urlTemplate\":\"http:\/\/blog.saranagata.de\/?s={search_term_string}\"},\"query-input\":\"required name=search_term_string\"}],\"inLanguage\":\"de-DE\"}]}<\/script>\n<!-- \/ Yoast SEO plugin. -->","yoast_head_json":{"title":"Der Lamaismus - Saranagata","robots":{"index":"index","follow":"follow","max-snippet":"max-snippet:-1","max-image-preview":"max-image-preview:large","max-video-preview":"max-video-preview:-1"},"canonical":"http:\/\/blog.saranagata.de\/?page_id=507","og_locale":"de_DE","og_type":"article","og_title":"Der Lamaismus - Saranagata","og_description":"Ein Dalai Lama wird nach den Richtlinien des &#8222;Tulku-Verfahrens&#8220; unter Ber\u00fccksichtigung von (skt.) Tri-Kaya = drei K\u00f6rpermerkmalen ausgew\u00e4hlt. Nach Einweihung und Schulung wird er der h\u00f6chster spiritueller Geistlicher und als Guru stellt er die Emanation von Bodhisattva- Avalakiteswar oder Bodhisatva- Manjushri dar! Das Verfahren an sich wurde erst im 13. Jh. f\u00fcr den Kardinal (Karmapa) &hellip; Der Lamaismus weiterlesen","og_url":"http:\/\/blog.saranagata.de\/?page_id=507","og_site_name":"Saranagata","article_modified_time":"2020-10-26T18:10:03+00:00","twitter_card":"summary_large_image","twitter_misc":{"Gesch\u00e4tzte Lesezeit":"3 Minuten"},"schema":{"@context":"https:\/\/schema.org","@graph":[{"@type":"WebPage","@id":"http:\/\/blog.saranagata.de\/?page_id=507","url":"http:\/\/blog.saranagata.de\/?page_id=507","name":"Der Lamaismus - Saranagata","isPartOf":{"@id":"http:\/\/blog.saranagata.de\/#website"},"datePublished":"2020-10-26T18:10:02+00:00","dateModified":"2020-10-26T18:10:03+00:00","breadcrumb":{"@id":"http:\/\/blog.saranagata.de\/?page_id=507#breadcrumb"},"inLanguage":"de-DE","potentialAction":[{"@type":"ReadAction","target":["http:\/\/blog.saranagata.de\/?page_id=507"]}]},{"@type":"BreadcrumbList","@id":"http:\/\/blog.saranagata.de\/?page_id=507#breadcrumb","itemListElement":[{"@type":"ListItem","position":1,"name":"Startseite","item":"http:\/\/blog.saranagata.de\/"},{"@type":"ListItem","position":2,"name":"Der Lamaismus"}]},{"@type":"WebSite","@id":"http:\/\/blog.saranagata.de\/#website","url":"http:\/\/blog.saranagata.de\/","name":"Saranagata","description":"Parthasarathis spirituelle Oase","potentialAction":[{"@type":"SearchAction","target":{"@type":"EntryPoint","urlTemplate":"http:\/\/blog.saranagata.de\/?s={search_term_string}"},"query-input":"required name=search_term_string"}],"inLanguage":"de-DE"}]}},"_links":{"self":[{"href":"http:\/\/blog.saranagata.de\/index.php?rest_route=\/wp\/v2\/pages\/507"}],"collection":[{"href":"http:\/\/blog.saranagata.de\/index.php?rest_route=\/wp\/v2\/pages"}],"about":[{"href":"http:\/\/blog.saranagata.de\/index.php?rest_route=\/wp\/v2\/types\/page"}],"author":[{"embeddable":true,"href":"http:\/\/blog.saranagata.de\/index.php?rest_route=\/wp\/v2\/users\/1"}],"replies":[{"embeddable":true,"href":"http:\/\/blog.saranagata.de\/index.php?rest_route=%2Fwp%2Fv2%2Fcomments&post=507"}],"version-history":[{"count":1,"href":"http:\/\/blog.saranagata.de\/index.php?rest_route=\/wp\/v2\/pages\/507\/revisions"}],"predecessor-version":[{"id":509,"href":"http:\/\/blog.saranagata.de\/index.php?rest_route=\/wp\/v2\/pages\/507\/revisions\/509"}],"wp:attachment":[{"href":"http:\/\/blog.saranagata.de\/index.php?rest_route=%2Fwp%2Fv2%2Fmedia&parent=507"}],"curies":[{"name":"wp","href":"https:\/\/api.w.org\/{rel}","templated":true}]}}