{"id":341,"date":"2016-06-16T17:04:49","date_gmt":"2016-06-16T17:04:49","guid":{"rendered":"http:\/\/blog.saranagata.de\/?page_id=341"},"modified":"2016-06-16T17:04:49","modified_gmt":"2016-06-16T17:04:49","slug":"sein-leben","status":"publish","type":"page","link":"http:\/\/blog.saranagata.de\/?page_id=341","title":{"rendered":"Sein Leben"},"content":{"rendered":"<p><span style=\"font-size: large;\">Wie in allen Zivilisationen, sind die gro\u00dfen Pers\u00f6nlichkeiten aus dem sakral-metaphysischen Bereich, eher mithilfe der Konfabulation statt anhand konkreter Fakten beschrieben worden.<\/span><\/p>\n<p><span style=\"font-size: large;\">Es ist mein Bestreben die Apologetik und die Exegese von Adi Sri Sankaracharya sowohl hinsichtlich der Kongruenz wie auch der Divergenz auf einer authentischen Grundlage darzustellen. <\/span><\/p>\n<h1 class=\"western\"><span style=\"color: #00000a;\"><span style=\"font-size: x-large;\">Info-Quellen \u00fcber seinen Lebensweg:<\/span><\/span><\/h1>\n<p><span style=\"font-size: large;\">Der Jurist und bekannter Sankaracharya-Kenner Tandalam Sankara Narayana Sastri (23.09.1869 \u2013 22.02.1918) erw\u00e4hnt in seinem Buch \u201eThe Age of Sankara&#8220; \u00fcber &#8222;zehn Sankara-Digvijaya (skt. Weltmeister Sankara)\u201c-B\u00fccher (siehe: Seite 32ff). In allen diesen Erz\u00e4hlungen findet man eine mystische, mysteri\u00f6se, m\u00e4rchenhafte, hochsch\u00e4tzende Darstellung von Sankaracharya.<\/span><\/p>\n<p align=\"CENTER\"><span style=\"color: #262626;\"><span style=\"font-size: x-large;\"><u>Sankaracharyas Familienumfeld<\/u><\/span><\/span><\/p>\n<h1 class=\"western\"><span style=\"color: #00000a;\"><span style=\"font-size: x-large;\">Sein Geburts- und Todestag:<\/span><\/span><\/h1>\n<p><span style=\"font-size: large;\">Die seinerzeit von Max M\u00fcller festgesetzte Daten <\/span><\/p>\n<p><span style=\"font-size: large;\">788 n.Chr.\u2013 820 n.chr.sind falsch. Diese Daten wurden von einem seiner Nachfolger genannt: Avinava-Sankara!<\/span><\/p>\n<p>&nbsp;<\/p>\n<p><span style=\"font-size: large;\">Richtig k\u00f6nnte sein: ca. 655 n.Chr. \u2013 ca. 684 n.Chr.<\/span><\/p>\n<p>&nbsp;<\/p>\n<p><span style=\"font-size: large;\"><b>Geburtsort:<\/b><\/span><\/p>\n<p><span style=\"font-size: large;\">Kaladi (Bundesstaat: Kerala)<\/span><\/p>\n<p>&nbsp;<\/p>\n<p><span style=\"font-size: large;\"><b>Gro\u00dfv\u00e4ter: <\/b><\/span><\/p>\n<p><span style=\"font-size: large;\">(v\u00e4terlicherseits): Vidyadhiraja<\/span><\/p>\n<p><span style=\"font-size: large;\">(m\u00fctterlicherseits): Magha Pandit<\/span><\/p>\n<p><span style=\"font-size: large;\">Vater: Sivaguru<\/span><\/p>\n<p><span style=\"font-size: large;\">Mutter: Arya<\/span><\/p>\n<h2 class=\"western\"><span style=\"color: #00000a;\"><span style=\"font-size: x-large;\">Die wunderbare Kindheit:<\/span><\/span><\/h2>\n<p><span style=\"font-size: large;\">1.Lebensjahr: bereits bewandert in Sprachen<\/span><\/p>\n<p><span style=\"font-size: large;\">2. Lebensjahr: Meister in Kavayas (Dichtung) und puranischen Schriften<\/span><\/p>\n<p><span style=\"font-size: large;\">5. Lebensjahr: Meister in vier Veden, sechs Shastras (Schriften und Abhandlungen), Zusatzkommentaren und logischer Gespr\u00e4chsf\u00fchrung.<\/span><\/p>\n<p><span style=\"font-size: x-large;\"><b>Seine Kenntnisse:<\/b><\/span><\/p>\n<p><span style=\"font-size: large;\">In den Veden war er kenntnisreich wie Brahma <\/span><\/p>\n<p><span style=\"font-size: large;\">In den Shastras wie Gargy<\/span><\/p>\n<p><span style=\"font-size: large;\">In der heiligen Erz\u00e4hlung wie Brihaspati<\/span><\/p>\n<p><span style=\"font-size: large;\">In den Prinzipien der Ritual war wie Jaimini<\/span><\/p>\n<p><span style=\"font-size: large;\">In der Philosophie wie Badrayana<\/span><\/p>\n<p><span style=\"font-size: large;\">Im Wissensumfang wie Vyasha.<\/span><\/p>\n<p><span style=\"font-size: large;\"><b>Begr\u00fcnder der Mathas ( \u00e4hnlich einem Ashram)<\/b><\/span><\/p>\n<p><span style=\"font-size: large;\">Er gr\u00fcndete Mathas:<\/span><\/p>\n<p><span style=\"font-size: large;\">In Sringeri (S\u00fcden)<\/span><\/p>\n<p><span style=\"font-size: large;\">In Dwarka (Westen)<\/span><\/p>\n<p><span style=\"font-size: large;\">In Badari (Norden)<\/span><\/p>\n<p><span style=\"font-size: large;\">In Puri (Osten)<\/span><\/p>\n<p><span style=\"font-size: large;\">Ebenso den Saraswati und den Swami-M\u00f6nchsorden.<\/span><\/p>\n<p>&nbsp;<\/p>\n<h2 class=\"western\" align=\"CENTER\"><span style=\"color: #00000a;\"><span style=\"font-size: x-large;\"><u>Welche Religion bzw. welches philosophisches Umfeld fand Sankaracharya vor?<\/u><\/span><\/span><\/h2>\n<ol>\n<li>\n<p align=\"JUSTIFY\"><span style=\"font-size: large;\"><span style=\"font-family: Arial,serif;\">Seit geraumer Zeit herrschte in Indien der atheistischer Buddhismus, Jainismus, Pasupatis, Kapalikas, Saiva-Tantrismus, Vaisnavismus usw. also eine recht tiefgr\u00fcndiger heterodoxes Meinungsvielfalt in der Gottesvorstellung, die praktisch alle von Brahma inspirierten Ausschlie\u00dflichkeitsanspruch der Veden zumindest anzweifelte. <\/span><\/span><\/p>\n<\/li>\n<li>\n<p align=\"JUSTIFY\"><span style=\"font-size: large;\"><span style=\"font-family: Arial,serif;\">Es dominierte eine ausufernde, ausschweifende Perversion der Ritualistik des vedischen Karma-Kanda. <\/span><\/span><\/p>\n<\/li>\n<li>\n<p align=\"JUSTIFY\"><span style=\"font-size: large;\"><span style=\"font-family: Arial,serif;\">Sankaracharya war eine starke Pers\u00f6nlichkeit. Die in \u201eBhakti-Marga\u201c geforderte Larmoyanz, die weinerliche hingebungsvolle Gottesanbetung war f\u00fcr ihn zu Feminine. Deshalb lautete sein ultimatives Ziel: auf einem streng asketisch-monastischen Fundament, die Realisierung einer konstant-progressiven und selektiven \u201eNegativ-Eskalation\u201c: vom Unbest\u00e4ndigen zum Best\u00e4ndigen,vom Tempor\u00e4ren zum Permanenten,vom Begrenzten zum Unbegrenzten, d.h. vom Relativen zum Absoluten, bis der Jnana-Yogi auf der erhabenen metaphysischen Ebene sein reines Bewusstsein die \u201eUltimative Wahrheit\u201c erf\u00e4hrt: so\u00b4ham (skt: also, ich bin Er ! ).<\/span><\/span><\/p>\n<\/li>\n<\/ol>\n","protected":false},"excerpt":{"rendered":"<p>Wie in allen Zivilisationen, sind die gro\u00dfen Pers\u00f6nlichkeiten aus dem sakral-metaphysischen Bereich, eher mithilfe der Konfabulation statt anhand konkreter Fakten beschrieben worden. Es ist mein Bestreben die Apologetik und die Exegese von Adi Sri Sankaracharya sowohl hinsichtlich der Kongruenz wie auch der Divergenz auf einer authentischen Grundlage darzustellen. Info-Quellen \u00fcber seinen Lebensweg: Der Jurist und &hellip; <a href=\"http:\/\/blog.saranagata.de\/?page_id=341\" class=\"more-link\"><span class=\"screen-reader-text\">Sein Leben<\/span> weiterlesen<\/a><\/p>\n","protected":false},"author":1,"featured_media":0,"parent":0,"menu_order":0,"comment_status":"closed","ping_status":"closed","template":"","meta":[],"yoast_head":"<!-- This site is optimized with the Yoast SEO plugin v20.10 - https:\/\/yoast.com\/wordpress\/plugins\/seo\/ -->\n<title>Sein Leben - Saranagata<\/title>\n<meta name=\"robots\" content=\"index, follow, max-snippet:-1, max-image-preview:large, max-video-preview:-1\" \/>\n<link rel=\"canonical\" href=\"http:\/\/blog.saranagata.de\/?page_id=341\" \/>\n<meta property=\"og:locale\" content=\"de_DE\" \/>\n<meta property=\"og:type\" content=\"article\" \/>\n<meta property=\"og:title\" content=\"Sein Leben - Saranagata\" \/>\n<meta property=\"og:description\" content=\"Wie in allen Zivilisationen, sind die gro\u00dfen Pers\u00f6nlichkeiten aus dem sakral-metaphysischen Bereich, eher mithilfe der Konfabulation statt anhand konkreter Fakten beschrieben worden. Es ist mein Bestreben die Apologetik und die Exegese von Adi Sri Sankaracharya sowohl hinsichtlich der Kongruenz wie auch der Divergenz auf einer authentischen Grundlage darzustellen. Info-Quellen \u00fcber seinen Lebensweg: Der Jurist und &hellip; Sein Leben weiterlesen\" \/>\n<meta property=\"og:url\" content=\"http:\/\/blog.saranagata.de\/?page_id=341\" \/>\n<meta property=\"og:site_name\" content=\"Saranagata\" \/>\n<meta name=\"twitter:card\" content=\"summary_large_image\" \/>\n<meta name=\"twitter:label1\" content=\"Gesch\u00e4tzte Lesezeit\" \/>\n\t<meta name=\"twitter:data1\" content=\"2 Minuten\" \/>\n<script type=\"application\/ld+json\" class=\"yoast-schema-graph\">{\"@context\":\"https:\/\/schema.org\",\"@graph\":[{\"@type\":\"WebPage\",\"@id\":\"http:\/\/blog.saranagata.de\/?page_id=341\",\"url\":\"http:\/\/blog.saranagata.de\/?page_id=341\",\"name\":\"Sein Leben - Saranagata\",\"isPartOf\":{\"@id\":\"http:\/\/blog.saranagata.de\/#website\"},\"datePublished\":\"2016-06-16T17:04:49+00:00\",\"dateModified\":\"2016-06-16T17:04:49+00:00\",\"breadcrumb\":{\"@id\":\"http:\/\/blog.saranagata.de\/?page_id=341#breadcrumb\"},\"inLanguage\":\"de-DE\",\"potentialAction\":[{\"@type\":\"ReadAction\",\"target\":[\"http:\/\/blog.saranagata.de\/?page_id=341\"]}]},{\"@type\":\"BreadcrumbList\",\"@id\":\"http:\/\/blog.saranagata.de\/?page_id=341#breadcrumb\",\"itemListElement\":[{\"@type\":\"ListItem\",\"position\":1,\"name\":\"Startseite\",\"item\":\"http:\/\/blog.saranagata.de\/\"},{\"@type\":\"ListItem\",\"position\":2,\"name\":\"Sein Leben\"}]},{\"@type\":\"WebSite\",\"@id\":\"http:\/\/blog.saranagata.de\/#website\",\"url\":\"http:\/\/blog.saranagata.de\/\",\"name\":\"Saranagata\",\"description\":\"Parthasarathis spirituelle Oase\",\"potentialAction\":[{\"@type\":\"SearchAction\",\"target\":{\"@type\":\"EntryPoint\",\"urlTemplate\":\"http:\/\/blog.saranagata.de\/?s={search_term_string}\"},\"query-input\":\"required name=search_term_string\"}],\"inLanguage\":\"de-DE\"}]}<\/script>\n<!-- \/ Yoast SEO plugin. -->","yoast_head_json":{"title":"Sein Leben - Saranagata","robots":{"index":"index","follow":"follow","max-snippet":"max-snippet:-1","max-image-preview":"max-image-preview:large","max-video-preview":"max-video-preview:-1"},"canonical":"http:\/\/blog.saranagata.de\/?page_id=341","og_locale":"de_DE","og_type":"article","og_title":"Sein Leben - Saranagata","og_description":"Wie in allen Zivilisationen, sind die gro\u00dfen Pers\u00f6nlichkeiten aus dem sakral-metaphysischen Bereich, eher mithilfe der Konfabulation statt anhand konkreter Fakten beschrieben worden. Es ist mein Bestreben die Apologetik und die Exegese von Adi Sri Sankaracharya sowohl hinsichtlich der Kongruenz wie auch der Divergenz auf einer authentischen Grundlage darzustellen. Info-Quellen \u00fcber seinen Lebensweg: Der Jurist und &hellip; Sein Leben weiterlesen","og_url":"http:\/\/blog.saranagata.de\/?page_id=341","og_site_name":"Saranagata","twitter_card":"summary_large_image","twitter_misc":{"Gesch\u00e4tzte Lesezeit":"2 Minuten"},"schema":{"@context":"https:\/\/schema.org","@graph":[{"@type":"WebPage","@id":"http:\/\/blog.saranagata.de\/?page_id=341","url":"http:\/\/blog.saranagata.de\/?page_id=341","name":"Sein Leben - Saranagata","isPartOf":{"@id":"http:\/\/blog.saranagata.de\/#website"},"datePublished":"2016-06-16T17:04:49+00:00","dateModified":"2016-06-16T17:04:49+00:00","breadcrumb":{"@id":"http:\/\/blog.saranagata.de\/?page_id=341#breadcrumb"},"inLanguage":"de-DE","potentialAction":[{"@type":"ReadAction","target":["http:\/\/blog.saranagata.de\/?page_id=341"]}]},{"@type":"BreadcrumbList","@id":"http:\/\/blog.saranagata.de\/?page_id=341#breadcrumb","itemListElement":[{"@type":"ListItem","position":1,"name":"Startseite","item":"http:\/\/blog.saranagata.de\/"},{"@type":"ListItem","position":2,"name":"Sein Leben"}]},{"@type":"WebSite","@id":"http:\/\/blog.saranagata.de\/#website","url":"http:\/\/blog.saranagata.de\/","name":"Saranagata","description":"Parthasarathis spirituelle Oase","potentialAction":[{"@type":"SearchAction","target":{"@type":"EntryPoint","urlTemplate":"http:\/\/blog.saranagata.de\/?s={search_term_string}"},"query-input":"required name=search_term_string"}],"inLanguage":"de-DE"}]}},"_links":{"self":[{"href":"http:\/\/blog.saranagata.de\/index.php?rest_route=\/wp\/v2\/pages\/341"}],"collection":[{"href":"http:\/\/blog.saranagata.de\/index.php?rest_route=\/wp\/v2\/pages"}],"about":[{"href":"http:\/\/blog.saranagata.de\/index.php?rest_route=\/wp\/v2\/types\/page"}],"author":[{"embeddable":true,"href":"http:\/\/blog.saranagata.de\/index.php?rest_route=\/wp\/v2\/users\/1"}],"replies":[{"embeddable":true,"href":"http:\/\/blog.saranagata.de\/index.php?rest_route=%2Fwp%2Fv2%2Fcomments&post=341"}],"version-history":[{"count":1,"href":"http:\/\/blog.saranagata.de\/index.php?rest_route=\/wp\/v2\/pages\/341\/revisions"}],"predecessor-version":[{"id":343,"href":"http:\/\/blog.saranagata.de\/index.php?rest_route=\/wp\/v2\/pages\/341\/revisions\/343"}],"wp:attachment":[{"href":"http:\/\/blog.saranagata.de\/index.php?rest_route=%2Fwp%2Fv2%2Fmedia&parent=341"}],"curies":[{"name":"wp","href":"https:\/\/api.w.org\/{rel}","templated":true}]}}