{"id":300,"date":"2015-12-12T15:05:08","date_gmt":"2015-12-12T15:05:08","guid":{"rendered":"http:\/\/blog.saranagata.de\/?page_id=300"},"modified":"2015-12-12T15:22:14","modified_gmt":"2015-12-12T15:22:14","slug":"wer-ist-brahma","status":"publish","type":"page","link":"http:\/\/blog.saranagata.de\/?page_id=300","title":{"rendered":"Wer ist Brahma?"},"content":{"rendered":"<p align=\"JUSTIFY\"><span style=\"font-family: Arial,serif;\"><span style=\"font-size: medium;\">In Rigveda bedeutete das Wort \u201cBrahma\u201c als \u201cHymne\u201c, \u201csakrales Wissen\u201c, \u201cein Gebet\u201c oder gar \u201cmagische Formel\u201c oder auch \u201cdie inh\u00e4rente magische Kraft in Hymnen und Mantras\u201c.Sp\u00e4ter wurde Brahma eine der vedischen Trinit\u00e4t, der Verursacher f\u00fcr die Entstehung der Kosmos.<\/span><\/span><\/p>\n<p align=\"JUSTIFY\"><span style=\"font-family: Arial,serif;\"><span style=\"font-size: medium;\">Die Entwicklung des Begriffs \u201cBrahma\u201c ist recht bemerkenswert.<\/span><\/span><\/p>\n<p style=\"text-align: left;\" align=\"JUSTIFY\"><span style=\"font-family: Arial,serif;\"><span style=\"font-size: medium;\">Der Weise Y\u00e4jnavalkya wurde von Sakalya mit der Frage nahezu bedr\u00e4ngt,die Anzahl der wahren G\u00f6tter zu nennen. In sieben Schritten hat er dann aus 3306 G\u00f6tter, eine einzige genannt &#8211; das war Brahma! <\/span><\/span><em><span style=\"font-family: Arial,serif;\"><span style=\"font-size: medium;\">(vide: Brihad\u00e4ranyka Upn.3.9. 1-9)<\/span><\/span><\/em><\/p>\n<p align=\"JUSTIFY\"><span style=\"font-family: Arial,serif;\"><span style=\"font-size: medium;\">Es gab weitere eher spekulative Definitionen von Brahma. Zum Beispiel:<\/span><\/span><\/p>\n<p align=\"JUSTIFY\">\u201c<span style=\"font-family: Arial,serif;\"><span style=\"font-size: medium;\">Brahma ist das Leben. Er ist die Freude. Er ist die Leere.\u201c<em> (vide: Ch\u00e4ndogya Upn.4.10.5).<\/em><\/span><\/span><\/p>\n<p style=\"text-align: left;\" align=\"JUSTIFY\">\u201c<span style=\"font-family: Arial,serif;\"><span style=\"font-size: medium;\">Aus Ihm der alles wei\u00df im Allgemeinen, sowie im Besonderen, und Seine Meditation das Ergebnis Seiner Kenntnis ist, haben die Hiranyagarbha sowie Namen, Farben sowie Nahrung hervorgebracht.\u201c <em>(vide: Mund\u00e4ka Upn.1.1.9)<\/em><\/span><\/span><\/p>\n<p align=\"JUSTIFY\">\u201c<span style=\"font-family: Arial,serif;\"><span style=\"font-size: medium;\">Er ist der Urheber aller guten Eigenschaften\u201c. (vide: Ch\u00e4ndogya Upn.3.14.2)<\/span><\/span><\/p>\n<p align=\"JUSTIFY\">\u201c<span style=\"font-family: Arial,serif;\"><span style=\"font-size: medium;\">Er ist nicht gro\u00df, nicht klein, weder kurz noch lang\u201c. (vide: Brihad\u00e4ranyka Upn.3.8.8).<\/span><\/span><\/p>\n<p align=\"JUSTIFY\"><span style=\"font-family: Arial,serif;\"><span style=\"font-size: medium;\">In Brihad\u00e4ranyka Upanishad findet man weitere Versuche Brahma zu definieren. Wie z.B.im Gespr\u00e4ch zwischen den ber\u00fchmten Weisen G\u00e4rgya B\u00e4l\u00e4ki und dem K\u00f6nig von Benares. Aj\u00e4tasatru. Der K\u00f6nig bot dem Weisen eintausend K\u00fche an, falls G\u00e4rgya dem K\u00f6nig erkl\u00e4ren k\u00f6nnte wer Brahma ist!<\/span><\/span><\/p>\n<p align=\"JUSTIFY\"><span style=\"font-family: Arial,serif;\"><span style=\"font-size: medium;\">Hier verk\u00fcrzt:<\/span><\/span><\/p>\n<p align=\"JUSTIFY\"><span style=\"font-family: Arial,serif;\"><span style=\"font-size: medium;\">G\u00e4rgya (G): Brahma ist der Mond.<\/span><\/span><\/p>\n<p align=\"JUSTIFY\"><span style=\"font-family: Arial,serif;\"><span style=\"font-size: medium;\">Aj\u00e4tasatru (A):( mit Protest) nein, Er ist der wei\u00df gekleidete K\u00f6nig Soma, der den Mond im Leben erleuchtet.<\/span><\/span><\/p>\n<p align=\"JUSTIFY\"><span style=\"font-family: Arial,serif;\"><span style=\"font-size: medium;\">G: Brahma ist der Blitz.<\/span><\/span><\/p>\n<p align=\"JUSTIFY\"><span style=\"font-family: Arial,serif;\"><span style=\"font-size: medium;\">A: Nein, Brahma ist nicht nur ein brillantes Licht, sondern Er ist das Urprinzip von Brillanz selbst und manifestiert sich in allem was die Brillanz als Eigenschaft besitzt usw.<\/span><\/span><\/p>\n<p align=\"JUSTIFY\"><span style=\"font-family: Arial,serif;\"><span style=\"font-size: medium;\">Es sind zw\u00f6lf spekulative Konzeptionen \u00fcber Brahma (in Kausitaki Upn.4. gibt es sogar sechszehn solcher Versuche!) gegeben.<\/span><\/span><\/p>\n<p align=\"JUSTIFY\"><span style=\"font-family: Arial,serif;\"><span style=\"font-size: medium;\">Als schlussfolgernde Interpretation wurde behauptet:<\/span><\/span><\/p>\n<p align=\"JUSTIFY\">\u201c<span style=\"font-family: Arial,serif;\"><span style=\"font-size: medium;\">Wie eine Spinne aus dem eigenem Netz hervorkommt; wie kleine Funken aus dem Feuer steigen; genau so entstehen alle vitale Energien., alle Welten, alle G\u00f6tter und alle Wesenheiten. Die mystische Bedeutung von Upanishad, ist deshalb- die Wahrheit der Wahrheiten.\u201c<em> (vide: Brihad\u00e4ranyka Upn. 2.1.20)<\/em><\/span><\/span><\/p>\n<p align=\"JUSTIFY\"><span style=\"font-family: Arial,serif;\"><span style=\"font-size: medium;\">Diese Konzeption, mit weiteren Erg\u00e4nzungen setzt sich in einigen anderen Upanishaden fort. Erw\u00e4hnenswert sind jedoch zwei weitere Dialoge:<\/span><\/span><\/p>\n<p align=\"JUSTIFY\"><span style=\"font-family: Arial,serif;\"><span style=\"font-size: medium;\">In Brihad\u00e4ranyka Upanishad 4.1-2, auf Wunsch des Weisen Y\u00e4jnavalkyas hin, gibt K\u00f6nig J\u00e4naka sechs Konzeptionen von Brahma bekannt. Hierbei wurde Brahma postuliert als Manifestation der physischen Aktivit\u00e4t des Menschen \u2013 also als saguna Brahma. Zum Beispiel: Brahma ist die Sprache, der Atem, die Sicht, das Geh\u00f6r, das Herz und der Geist.<\/span><\/span><\/p>\n<p align=\"JUSTIFY\"><span style=\"font-family: Arial,serif;\"><span style=\"font-size: medium;\">Alle diese Beschreibungen deuten auf einen Brahma hin, der mit Eigenschaften versehen ist. Aber dem wird noch Widersprochen werden! <\/span><\/span><\/p>\n<p align=\"JUSTIFY\"><span style=\"font-family: Arial,serif;\"><span style=\"font-size: medium;\">N\u00e4rada bittet Sanatkum\u00e4ra:<\/span><\/span><\/p>\n<p align=\"JUSTIFY\">\u201c<span style=\"font-family: Arial,serif;\"><span style=\"font-size: medium;\">adhih bhagavo (Brahma) \u201c also Gurudeva, beschreibe mir Brahma. Mit derselben Bitte trat auch Bhrigu V\u00e4runi an seinen Vater heran. <em>(vide: Taittiriya Upanishad 3.1.)<\/em><\/span><\/span><\/p>\n<p align=\"JUSTIFY\"><span style=\"font-family: Arial,serif;\"><span style=\"font-size: medium;\">Sp\u00e4ter schrieb er 17 B\u00fccher \u2013 sie alle verk\u00fcnden nur einen Namen: Brahma.<\/span><\/span><\/p>\n<p align=\"JUSTIFY\"><span style=\"font-family: Arial,serif;\"><span style=\"font-size: medium;\">Das deutet auf eine stufenweise Entwicklung der Vorstellungswelt \u00fcber Brahma.<\/span><\/span><\/p>\n<p align=\"JUSTIFY\">\u201c<span style=\"font-family: Arial,serif;\"><span style=\"font-size: medium;\">Der Name benennt die Natur, die Sprache ist aber h\u00f6her als der Name, weil die Sprache die Besonderheiten allen Objekten hervorbringt, aber der Geist (manas) ist noch h\u00f6her, weil im Geist der Name und die Sprache verschmelzen. Das Selbst ist Geist. Die Welt ist Geist. Brahma ist Geist. Jedoch, es gibt noch H\u00f6heres als Geist, dass ist der Entschluss durch Erkenntnis (sankalpa). Ein existentieller Status alles Seienden wird erm\u00f6glicht durch unsere sch\u00f6pferischen F\u00e4higkeiten. Aber diese F\u00e4higkeiten definieren nur eine Facette von Parambrahma.<\/span><\/span><\/p>\n<p align=\"JUSTIFY\"><span style=\"font-family: Arial,serif;\"><span style=\"font-size: medium;\">Der Gedanke hat einen noch h\u00f6heren Stellenwert, denn alles Bisherige kommt zum Tragen durch die Gedanken. Nach den Gedanken folgt die n\u00e4chste Stufe: kontemplative Meditation.<\/span><\/span><\/p>\n<p align=\"JUSTIFY\"><span style=\"font-family: Arial,serif;\"><span style=\"font-size: medium;\">Daran anschlie\u00dfend erfolgt das Erlebnis eines unsterblichen, undifferenzierten, unbegrenzten, autarken Umfelds, sich offenbarend nach oben, unten, vorne und hinten, rechts und links &#8211; das ist die intuitive Manifestation. <\/span><\/span><\/p>\n<p align=\"JUSTIFY\"><span style=\"font-family: Arial,serif;\"><span style=\"font-size: medium;\">Nun ist die fortschreitende Konzeption von Brahma erkannt als eine gro\u00dfe Realit\u00e4t, gegenw\u00e4rtig sowohl in der ph\u00e4nomenalen Welt, wie auch in den Wirkungen des Selbst.\u00a0 <em>(vide: Ch\u00e4ndogyo Upanishad 3.18.1-2)<\/em><\/span><\/span><\/p>\n<p align=\"JUSTIFY\"><span style=\"font-family: Arial,serif;\"><span style=\"font-size: large;\"><u><b>Kurze Zusammenfassung<\/b><\/u><\/span><\/span><span style=\"font-family: Arial,serif;\"><span style=\"font-size: large;\"><u>:<\/u><\/span><\/span><\/p>\n<p align=\"JUSTIFY\"><span style=\"font-family: Arial,serif;\"><span style=\"font-size: medium;\">Fr\u00fcher in der kosmogenetischen Zeitperiode, wurde spirituell und spekulativ festgestellt, dass Brahma und die Sch\u00f6pfung irgendwie getrennt sind. Das sagt z.B. Taittiriya Upanishad 2.6.:<\/span><\/span><\/p>\n<p align=\"JUSTIFY\">\u201c\u2026<span style=\"font-family: Arial,serif;\"><span style=\"font-size: medium;\">. Nach der Sch\u00f6pfung kam Er selbst hinein..,\u201c oder in Ch\u00e4ndogya Upanishad 6.3.:<\/span><\/span><\/p>\n<p align=\"JUSTIFY\">\u201c\u2026<span style=\"font-family: Arial,serif;\"><span style=\"font-size: medium;\">. Nach der Erschaffung von Sonne, Meeren und Nahrung\u2026. nun lass mich in den dreien Divinit\u00e4t mit meinem lebendigen Geist eingehen und sie versehen mit unterschiedlichen Namen und Formen\u2026.\u201c.<\/span><\/span><\/p>\n<p align=\"JUSTIFY\"><span style=\"font-family: Arial,serif;\"><span style=\"font-size: medium;\">Der eigentliche pantheistische Monismus wird zuerst klar zum Ausdruck gebracht in Ch\u00e4ndogya Upanishad 3.14.: <\/span><\/span><\/p>\n<p align=\"JUSTIFY\">\u201c\u2026<span style=\"font-family: Arial,serif;\"><span style=\"font-size: medium;\">.Wirklich, dass ganze Universum ist Brahma\u2026\u201c. Diese Vorstellung war bereits in der historischen Vergangenheit antizipiert worden, jedoch nebelhaft latent. Und nun durchstr\u00f6mt dieser Pantheismus die Upanishaden.<\/span><\/span><\/p>\n<p align=\"JUSTIFY\"><span style=\"font-family: Arial,serif;\"><span style=\"font-size: medium;\">Hier einige Beispiele:<\/span><\/span><\/p>\n<p align=\"JUSTIFY\">\u201c\u2026<span style=\"font-family: Arial,serif;\"><span style=\"font-size: medium;\">. Brahma, ist wirklich ewig.<\/span><\/span><\/p>\n<p align=\"JUSTIFY\"><span style=\"font-family: Arial,serif;\"><span style=\"font-size: medium;\">Brahma vorn, Brahma hinten, im Rechten und Linken, oben und unten- ausgedehnt;<\/span><\/span><\/p>\n<p align=\"JUSTIFY\">\u2026\u2026<span style=\"font-family: Arial,serif;\"><span style=\"font-size: medium;\">Brahma,wirklich ist das Universum, die unendliche Ausdehnung\u2026.\u201c<\/span><\/span><\/p>\n<p align=\"JUSTIFY\"><span style=\"font-family: Arial,serif;\"><span style=\"font-size: medium;\">(vide:M\u00e4ndukya Upanishad 2.2.1.).<\/span><\/span><\/p>\n<p align=\"JUSTIFY\">\u201c\u2026<span style=\"font-family: Arial,serif;\"><span style=\"font-size: medium;\">. Wirklich, hier ist alles nur Brahma\u2026 \u201c <em>(vide: M\u00e4ndukya Upanishad 2.)<\/em><\/span><\/span><\/p>\n<p align=\"JUSTIFY\"><span style=\"font-family: Arial,serif;\"><span style=\"font-size: medium;\">Es ergeben sich also zwei Gesichtspunkte:<\/span><\/span><\/p>\n<p align=\"JUSTIFY\"><span style=\"font-family: Arial,serif;\"><span style=\"font-size: medium;\">1.) Die Determination des Welten-Grund ist nicht als isoliert zu betrachten, sondern als universelle Einheit, die alles in der ph\u00e4nomenalen Welt in sich einschlie\u00dft.<\/span><\/span><\/p>\n<p align=\"JUSTIFY\"><span style=\"font-family: Arial,serif;\"><span style=\"font-size: medium;\">2.)Dieses universale Bewusstsein hat eine Korrelation mit dem begrenzten Individuum als Tr\u00e4ger der verk\u00f6rperten Seele (jiv\u00e4tm\u00e4). Eine Best\u00e4tigung davon finden wir bereits in Svet\u00e4svatara Upanishad 1.2.:\u201c\u2026 Jiv\u00e4tm\u00e4 ist existent\u2026.\u201c.<\/span><\/span><\/p>\n<p align=\"JUSTIFY\"><span style=\"font-family: Arial,serif;\"><span style=\"font-size: medium;\">Aber ,es ist zweifellos klar,dass es trotz vieler Bem\u00fchungen in den Upanishaden\/Vedanten,kaum gelungen ist aus sehr unterschiedlichen Betrachtungs-, Empfindungs- und Wahrnehmungswinkeln Brahma oder Parambrahma begrifflich zu definieren. Das Blau des Himmels l\u00e4sst sich mit, &#8222;himmelblau&#8220; nur ann\u00e4hernd plausibel beschreiben. Genauso ist Brahma!<\/span><\/span><\/p>\n<p align=\"JUSTIFY\">\u201c\u2026<span style=\"font-family: Arial,serif;\"><span style=\"font-size: medium;\">.Yato v\u00e4cye nivartante apr\u00e4pya mans\u00e4 sah\u00e4\u2026.\u201c <em>(vide: Taittiriya Upanishad 2.4.1.),<\/em><\/span><\/span><\/p>\n<p align=\"JUSTIFY\"><span style=\"font-family: Arial,serif;\"><span style=\"font-size: medium;\">also, weder der Sprache noch der Geist kann Ihn erreichen.<\/span><\/span><\/p>\n<p align=\"JUSTIFY\"><span style=\"font-family: Arial,serif;\"><span style=\"font-size: medium;\">Denn,\u201c\u2026. Sah yah ha vaitat param Brahmaveda Brahmaiva bhavati\u2026\u201c(vide: Mund\u00e4ka Upanishad 3.2.9), damit ist gemeint: wer Brahma erlebt ( durch transzendente Intuition) wird sicher selbst zu Brahma ; und \u201c\u2026.Brahmaiva san Brahmapyeti\u2026\u201c also in der Brahmasph\u00e4re angekommen, wird man verschmelzen in Brahma. Deshalb ist eine R\u00fcckmeldung ,eine Offenbarung der Erlebnisse und Erfahrungen nicht m\u00f6glich!<\/span><\/span><\/p>\n","protected":false},"excerpt":{"rendered":"<p>In Rigveda bedeutete das Wort \u201cBrahma\u201c als \u201cHymne\u201c, \u201csakrales Wissen\u201c, \u201cein Gebet\u201c oder gar \u201cmagische Formel\u201c oder auch \u201cdie inh\u00e4rente magische Kraft in Hymnen und Mantras\u201c.Sp\u00e4ter wurde Brahma eine der vedischen Trinit\u00e4t, der Verursacher f\u00fcr die Entstehung der Kosmos. Die Entwicklung des Begriffs \u201cBrahma\u201c ist recht bemerkenswert. Der Weise Y\u00e4jnavalkya wurde von Sakalya mit der &hellip; <a href=\"http:\/\/blog.saranagata.de\/?page_id=300\" class=\"more-link\"><span class=\"screen-reader-text\">Wer ist Brahma?<\/span> weiterlesen<\/a><\/p>\n","protected":false},"author":1,"featured_media":0,"parent":0,"menu_order":1,"comment_status":"closed","ping_status":"closed","template":"","meta":[],"yoast_head":"<!-- This site is optimized with the Yoast SEO plugin v20.10 - https:\/\/yoast.com\/wordpress\/plugins\/seo\/ -->\n<title>Wer ist Brahma? - Saranagata<\/title>\n<meta name=\"robots\" content=\"index, follow, max-snippet:-1, max-image-preview:large, max-video-preview:-1\" \/>\n<link rel=\"canonical\" href=\"http:\/\/blog.saranagata.de\/?page_id=300\" \/>\n<meta property=\"og:locale\" content=\"de_DE\" \/>\n<meta property=\"og:type\" content=\"article\" \/>\n<meta property=\"og:title\" content=\"Wer ist Brahma? - Saranagata\" \/>\n<meta property=\"og:description\" content=\"In Rigveda bedeutete das Wort \u201cBrahma\u201c als \u201cHymne\u201c, \u201csakrales Wissen\u201c, \u201cein Gebet\u201c oder gar \u201cmagische Formel\u201c oder auch \u201cdie inh\u00e4rente magische Kraft in Hymnen und Mantras\u201c.Sp\u00e4ter wurde Brahma eine der vedischen Trinit\u00e4t, der Verursacher f\u00fcr die Entstehung der Kosmos. Die Entwicklung des Begriffs \u201cBrahma\u201c ist recht bemerkenswert. Der Weise Y\u00e4jnavalkya wurde von Sakalya mit der &hellip; Wer ist Brahma? weiterlesen\" \/>\n<meta property=\"og:url\" content=\"http:\/\/blog.saranagata.de\/?page_id=300\" \/>\n<meta property=\"og:site_name\" content=\"Saranagata\" \/>\n<meta property=\"article:modified_time\" content=\"2015-12-12T15:22:14+00:00\" \/>\n<meta name=\"twitter:card\" content=\"summary_large_image\" \/>\n<meta name=\"twitter:label1\" content=\"Gesch\u00e4tzte Lesezeit\" \/>\n\t<meta name=\"twitter:data1\" content=\"5 Minuten\" \/>\n<script type=\"application\/ld+json\" class=\"yoast-schema-graph\">{\"@context\":\"https:\/\/schema.org\",\"@graph\":[{\"@type\":\"WebPage\",\"@id\":\"http:\/\/blog.saranagata.de\/?page_id=300\",\"url\":\"http:\/\/blog.saranagata.de\/?page_id=300\",\"name\":\"Wer ist Brahma? - Saranagata\",\"isPartOf\":{\"@id\":\"http:\/\/blog.saranagata.de\/#website\"},\"datePublished\":\"2015-12-12T15:05:08+00:00\",\"dateModified\":\"2015-12-12T15:22:14+00:00\",\"breadcrumb\":{\"@id\":\"http:\/\/blog.saranagata.de\/?page_id=300#breadcrumb\"},\"inLanguage\":\"de-DE\",\"potentialAction\":[{\"@type\":\"ReadAction\",\"target\":[\"http:\/\/blog.saranagata.de\/?page_id=300\"]}]},{\"@type\":\"BreadcrumbList\",\"@id\":\"http:\/\/blog.saranagata.de\/?page_id=300#breadcrumb\",\"itemListElement\":[{\"@type\":\"ListItem\",\"position\":1,\"name\":\"Startseite\",\"item\":\"http:\/\/blog.saranagata.de\/\"},{\"@type\":\"ListItem\",\"position\":2,\"name\":\"Wer ist Brahma?\"}]},{\"@type\":\"WebSite\",\"@id\":\"http:\/\/blog.saranagata.de\/#website\",\"url\":\"http:\/\/blog.saranagata.de\/\",\"name\":\"Saranagata\",\"description\":\"Parthasarathis spirituelle Oase\",\"potentialAction\":[{\"@type\":\"SearchAction\",\"target\":{\"@type\":\"EntryPoint\",\"urlTemplate\":\"http:\/\/blog.saranagata.de\/?s={search_term_string}\"},\"query-input\":\"required name=search_term_string\"}],\"inLanguage\":\"de-DE\"}]}<\/script>\n<!-- \/ Yoast SEO plugin. -->","yoast_head_json":{"title":"Wer ist Brahma? - Saranagata","robots":{"index":"index","follow":"follow","max-snippet":"max-snippet:-1","max-image-preview":"max-image-preview:large","max-video-preview":"max-video-preview:-1"},"canonical":"http:\/\/blog.saranagata.de\/?page_id=300","og_locale":"de_DE","og_type":"article","og_title":"Wer ist Brahma? - Saranagata","og_description":"In Rigveda bedeutete das Wort \u201cBrahma\u201c als \u201cHymne\u201c, \u201csakrales Wissen\u201c, \u201cein Gebet\u201c oder gar \u201cmagische Formel\u201c oder auch \u201cdie inh\u00e4rente magische Kraft in Hymnen und Mantras\u201c.Sp\u00e4ter wurde Brahma eine der vedischen Trinit\u00e4t, der Verursacher f\u00fcr die Entstehung der Kosmos. Die Entwicklung des Begriffs \u201cBrahma\u201c ist recht bemerkenswert. Der Weise Y\u00e4jnavalkya wurde von Sakalya mit der &hellip; Wer ist Brahma? weiterlesen","og_url":"http:\/\/blog.saranagata.de\/?page_id=300","og_site_name":"Saranagata","article_modified_time":"2015-12-12T15:22:14+00:00","twitter_card":"summary_large_image","twitter_misc":{"Gesch\u00e4tzte Lesezeit":"5 Minuten"},"schema":{"@context":"https:\/\/schema.org","@graph":[{"@type":"WebPage","@id":"http:\/\/blog.saranagata.de\/?page_id=300","url":"http:\/\/blog.saranagata.de\/?page_id=300","name":"Wer ist Brahma? - Saranagata","isPartOf":{"@id":"http:\/\/blog.saranagata.de\/#website"},"datePublished":"2015-12-12T15:05:08+00:00","dateModified":"2015-12-12T15:22:14+00:00","breadcrumb":{"@id":"http:\/\/blog.saranagata.de\/?page_id=300#breadcrumb"},"inLanguage":"de-DE","potentialAction":[{"@type":"ReadAction","target":["http:\/\/blog.saranagata.de\/?page_id=300"]}]},{"@type":"BreadcrumbList","@id":"http:\/\/blog.saranagata.de\/?page_id=300#breadcrumb","itemListElement":[{"@type":"ListItem","position":1,"name":"Startseite","item":"http:\/\/blog.saranagata.de\/"},{"@type":"ListItem","position":2,"name":"Wer ist Brahma?"}]},{"@type":"WebSite","@id":"http:\/\/blog.saranagata.de\/#website","url":"http:\/\/blog.saranagata.de\/","name":"Saranagata","description":"Parthasarathis spirituelle Oase","potentialAction":[{"@type":"SearchAction","target":{"@type":"EntryPoint","urlTemplate":"http:\/\/blog.saranagata.de\/?s={search_term_string}"},"query-input":"required name=search_term_string"}],"inLanguage":"de-DE"}]}},"_links":{"self":[{"href":"http:\/\/blog.saranagata.de\/index.php?rest_route=\/wp\/v2\/pages\/300"}],"collection":[{"href":"http:\/\/blog.saranagata.de\/index.php?rest_route=\/wp\/v2\/pages"}],"about":[{"href":"http:\/\/blog.saranagata.de\/index.php?rest_route=\/wp\/v2\/types\/page"}],"author":[{"embeddable":true,"href":"http:\/\/blog.saranagata.de\/index.php?rest_route=\/wp\/v2\/users\/1"}],"replies":[{"embeddable":true,"href":"http:\/\/blog.saranagata.de\/index.php?rest_route=%2Fwp%2Fv2%2Fcomments&post=300"}],"version-history":[{"count":5,"href":"http:\/\/blog.saranagata.de\/index.php?rest_route=\/wp\/v2\/pages\/300\/revisions"}],"predecessor-version":[{"id":320,"href":"http:\/\/blog.saranagata.de\/index.php?rest_route=\/wp\/v2\/pages\/300\/revisions\/320"}],"wp:attachment":[{"href":"http:\/\/blog.saranagata.de\/index.php?rest_route=%2Fwp%2Fv2%2Fmedia&parent=300"}],"curies":[{"name":"wp","href":"https:\/\/api.w.org\/{rel}","templated":true}]}}