{"id":241,"date":"2015-08-17T19:40:38","date_gmt":"2015-08-17T19:40:38","guid":{"rendered":"http:\/\/blog.saranagata.de\/?page_id=241"},"modified":"2023-05-08T20:12:00","modified_gmt":"2023-05-08T20:12:00","slug":"die-eignung-fuer-die-kundalini-yoga","status":"publish","type":"page","link":"http:\/\/blog.saranagata.de\/?page_id=241","title":{"rendered":"Die Eignung f\u00fcr die Kundalini-Yoga"},"content":{"rendered":"<p align=\"JUSTIFY\"><span style=\"font-family: Calibri,sans-serif;\"><span style=\"font-size: x-large;\">Die Bef\u00e4higung f\u00fcr das Kundalini-Tantra (Tantra-Sashtra-adhik\u00e4ra) wird im zweiten Kapitel des Gandharva-Tantra <b>wie folgt beschrieben<\/b>:<\/span><\/span><\/p>\n<p align=\"JUSTIFY\">\u201e\u2026<span style=\"font-family: Calibri,sans-serif;\"><span style=\"font-size: x-large;\">Der Aspirant muss bef\u00e4higt sein (daksa), er muss seine Sinne beherrschen (jitendriya), frei sein von Neid, Eifersucht und Schadenfreude gegen\u00fcber allen Lebewesen (sarva-pr\u00e4ni-hite-ratah) und muss mental rein sein (suchi). Er muss an die Veden, also die Divinit\u00e4t, glauben (astika), sein Vertrauen auf das Brahma setzen und seine Zuflucht zu Ihm nehmen (brahmav\u00e4bi, brahmapar\u00e4yana), und er muss ein Non-Dualist (dvaita-hina) sein!\u201c<\/span><\/span><\/p>\n<p align=\"JUSTIFY\"><span style=\"font-family: Calibri,sans-serif;\"><span style=\"font-size: x-large;\"><b>Nur ein solcher Aspirant<\/b> ist f\u00fcr Kundalini-Yoga <b>geeignet<\/b>, andernfalls ist er kein qualifizierter S\u00e4dhaka (so\u00b4smin s\u00e4hstre adhik\u00e4ri sy\u00e4t tadanyatra na s\u00e4dhaka\u2026).<\/span><\/span><\/p>\n","protected":false},"excerpt":{"rendered":"<p>Die Bef\u00e4higung f\u00fcr das Kundalini-Tantra (Tantra-Sashtra-adhik\u00e4ra) wird im zweiten Kapitel des Gandharva-Tantra wie folgt beschrieben: \u201e\u2026Der Aspirant muss bef\u00e4higt sein (daksa), er muss seine Sinne beherrschen (jitendriya), frei sein von Neid, Eifersucht und Schadenfreude gegen\u00fcber allen Lebewesen (sarva-pr\u00e4ni-hite-ratah) und muss mental rein sein (suchi). Er muss an die Veden, also die Divinit\u00e4t, glauben (astika), sein &hellip; <a href=\"http:\/\/blog.saranagata.de\/?page_id=241\" class=\"more-link\"><span class=\"screen-reader-text\">Die Eignung f\u00fcr die Kundalini-Yoga<\/span> weiterlesen<\/a><\/p>\n","protected":false},"author":1,"featured_media":0,"parent":0,"menu_order":0,"comment_status":"closed","ping_status":"closed","template":"","meta":[],"yoast_head":"<!-- This site is optimized with the Yoast SEO plugin v20.10 - https:\/\/yoast.com\/wordpress\/plugins\/seo\/ -->\n<title>Die Eignung f\u00fcr die Kundalini-Yoga - Saranagata<\/title>\n<meta name=\"robots\" content=\"index, follow, max-snippet:-1, max-image-preview:large, max-video-preview:-1\" \/>\n<link rel=\"canonical\" href=\"http:\/\/blog.saranagata.de\/?page_id=241\" \/>\n<meta property=\"og:locale\" content=\"de_DE\" \/>\n<meta property=\"og:type\" content=\"article\" \/>\n<meta property=\"og:title\" content=\"Die Eignung f\u00fcr die Kundalini-Yoga - Saranagata\" \/>\n<meta property=\"og:description\" content=\"Die Bef\u00e4higung f\u00fcr das Kundalini-Tantra (Tantra-Sashtra-adhik\u00e4ra) wird im zweiten Kapitel des Gandharva-Tantra wie folgt beschrieben: \u201e\u2026Der Aspirant muss bef\u00e4higt sein (daksa), er muss seine Sinne beherrschen (jitendriya), frei sein von Neid, Eifersucht und Schadenfreude gegen\u00fcber allen Lebewesen (sarva-pr\u00e4ni-hite-ratah) und muss mental rein sein (suchi). Er muss an die Veden, also die Divinit\u00e4t, glauben (astika), sein &hellip; Die Eignung f\u00fcr die Kundalini-Yoga weiterlesen\" \/>\n<meta property=\"og:url\" content=\"http:\/\/blog.saranagata.de\/?page_id=241\" \/>\n<meta property=\"og:site_name\" content=\"Saranagata\" \/>\n<meta property=\"article:modified_time\" content=\"2023-05-08T20:12:00+00:00\" \/>\n<meta name=\"twitter:card\" content=\"summary_large_image\" \/>\n<meta name=\"twitter:label1\" content=\"Gesch\u00e4tzte Lesezeit\" \/>\n\t<meta name=\"twitter:data1\" content=\"1 Minute\" \/>\n<script type=\"application\/ld+json\" class=\"yoast-schema-graph\">{\"@context\":\"https:\/\/schema.org\",\"@graph\":[{\"@type\":\"WebPage\",\"@id\":\"http:\/\/blog.saranagata.de\/?page_id=241\",\"url\":\"http:\/\/blog.saranagata.de\/?page_id=241\",\"name\":\"Die Eignung f\u00fcr die Kundalini-Yoga - Saranagata\",\"isPartOf\":{\"@id\":\"http:\/\/blog.saranagata.de\/#website\"},\"datePublished\":\"2015-08-17T19:40:38+00:00\",\"dateModified\":\"2023-05-08T20:12:00+00:00\",\"breadcrumb\":{\"@id\":\"http:\/\/blog.saranagata.de\/?page_id=241#breadcrumb\"},\"inLanguage\":\"de-DE\",\"potentialAction\":[{\"@type\":\"ReadAction\",\"target\":[\"http:\/\/blog.saranagata.de\/?page_id=241\"]}]},{\"@type\":\"BreadcrumbList\",\"@id\":\"http:\/\/blog.saranagata.de\/?page_id=241#breadcrumb\",\"itemListElement\":[{\"@type\":\"ListItem\",\"position\":1,\"name\":\"Startseite\",\"item\":\"http:\/\/blog.saranagata.de\/\"},{\"@type\":\"ListItem\",\"position\":2,\"name\":\"Die Eignung f\u00fcr die Kundalini-Yoga\"}]},{\"@type\":\"WebSite\",\"@id\":\"http:\/\/blog.saranagata.de\/#website\",\"url\":\"http:\/\/blog.saranagata.de\/\",\"name\":\"Saranagata\",\"description\":\"Parthasarathis spirituelle Oase\",\"potentialAction\":[{\"@type\":\"SearchAction\",\"target\":{\"@type\":\"EntryPoint\",\"urlTemplate\":\"http:\/\/blog.saranagata.de\/?s={search_term_string}\"},\"query-input\":\"required name=search_term_string\"}],\"inLanguage\":\"de-DE\"}]}<\/script>\n<!-- \/ Yoast SEO plugin. -->","yoast_head_json":{"title":"Die Eignung f\u00fcr die Kundalini-Yoga - Saranagata","robots":{"index":"index","follow":"follow","max-snippet":"max-snippet:-1","max-image-preview":"max-image-preview:large","max-video-preview":"max-video-preview:-1"},"canonical":"http:\/\/blog.saranagata.de\/?page_id=241","og_locale":"de_DE","og_type":"article","og_title":"Die Eignung f\u00fcr die Kundalini-Yoga - Saranagata","og_description":"Die Bef\u00e4higung f\u00fcr das Kundalini-Tantra (Tantra-Sashtra-adhik\u00e4ra) wird im zweiten Kapitel des Gandharva-Tantra wie folgt beschrieben: \u201e\u2026Der Aspirant muss bef\u00e4higt sein (daksa), er muss seine Sinne beherrschen (jitendriya), frei sein von Neid, Eifersucht und Schadenfreude gegen\u00fcber allen Lebewesen (sarva-pr\u00e4ni-hite-ratah) und muss mental rein sein (suchi). Er muss an die Veden, also die Divinit\u00e4t, glauben (astika), sein &hellip; Die Eignung f\u00fcr die Kundalini-Yoga weiterlesen","og_url":"http:\/\/blog.saranagata.de\/?page_id=241","og_site_name":"Saranagata","article_modified_time":"2023-05-08T20:12:00+00:00","twitter_card":"summary_large_image","twitter_misc":{"Gesch\u00e4tzte Lesezeit":"1 Minute"},"schema":{"@context":"https:\/\/schema.org","@graph":[{"@type":"WebPage","@id":"http:\/\/blog.saranagata.de\/?page_id=241","url":"http:\/\/blog.saranagata.de\/?page_id=241","name":"Die Eignung f\u00fcr die Kundalini-Yoga - Saranagata","isPartOf":{"@id":"http:\/\/blog.saranagata.de\/#website"},"datePublished":"2015-08-17T19:40:38+00:00","dateModified":"2023-05-08T20:12:00+00:00","breadcrumb":{"@id":"http:\/\/blog.saranagata.de\/?page_id=241#breadcrumb"},"inLanguage":"de-DE","potentialAction":[{"@type":"ReadAction","target":["http:\/\/blog.saranagata.de\/?page_id=241"]}]},{"@type":"BreadcrumbList","@id":"http:\/\/blog.saranagata.de\/?page_id=241#breadcrumb","itemListElement":[{"@type":"ListItem","position":1,"name":"Startseite","item":"http:\/\/blog.saranagata.de\/"},{"@type":"ListItem","position":2,"name":"Die Eignung f\u00fcr die Kundalini-Yoga"}]},{"@type":"WebSite","@id":"http:\/\/blog.saranagata.de\/#website","url":"http:\/\/blog.saranagata.de\/","name":"Saranagata","description":"Parthasarathis spirituelle Oase","potentialAction":[{"@type":"SearchAction","target":{"@type":"EntryPoint","urlTemplate":"http:\/\/blog.saranagata.de\/?s={search_term_string}"},"query-input":"required name=search_term_string"}],"inLanguage":"de-DE"}]}},"_links":{"self":[{"href":"http:\/\/blog.saranagata.de\/index.php?rest_route=\/wp\/v2\/pages\/241"}],"collection":[{"href":"http:\/\/blog.saranagata.de\/index.php?rest_route=\/wp\/v2\/pages"}],"about":[{"href":"http:\/\/blog.saranagata.de\/index.php?rest_route=\/wp\/v2\/types\/page"}],"author":[{"embeddable":true,"href":"http:\/\/blog.saranagata.de\/index.php?rest_route=\/wp\/v2\/users\/1"}],"replies":[{"embeddable":true,"href":"http:\/\/blog.saranagata.de\/index.php?rest_route=%2Fwp%2Fv2%2Fcomments&post=241"}],"version-history":[{"count":2,"href":"http:\/\/blog.saranagata.de\/index.php?rest_route=\/wp\/v2\/pages\/241\/revisions"}],"predecessor-version":[{"id":588,"href":"http:\/\/blog.saranagata.de\/index.php?rest_route=\/wp\/v2\/pages\/241\/revisions\/588"}],"wp:attachment":[{"href":"http:\/\/blog.saranagata.de\/index.php?rest_route=%2Fwp%2Fv2%2Fmedia&parent=241"}],"curies":[{"name":"wp","href":"https:\/\/api.w.org\/{rel}","templated":true}]}}