{"id":238,"date":"2015-08-17T19:39:54","date_gmt":"2015-08-17T19:39:54","guid":{"rendered":"http:\/\/blog.saranagata.de\/?page_id=238"},"modified":"2015-08-24T20:04:51","modified_gmt":"2015-08-24T20:04:51","slug":"einige-worte-zu-sahasrara","status":"publish","type":"page","link":"http:\/\/blog.saranagata.de\/?page_id=238","title":{"rendered":"Einige Worte zu Sahasrara"},"content":{"rendered":"<p align=\"JUSTIFY\"><span style=\"font-family: Calibri,sans-serif;\"><span style=\"font-size: x-large;\">Im Sahasr\u00e4r\u00e4 leuchten die unz\u00e4hligen, unendlichen, ewigen, ontologischen Glanzstrahlen und der S\u00e4dhaka versinkt im Nirvana-Strom. <b>Hier ist der Sitz<\/b> der absoluten Leerheit (<b>vishudda-ananta-Sunyat\u00e4,<\/b>siehe: Maddhamakka im Mah\u00e4j\u00e4na-Buddhismus von N\u00e4g\u00e4rjuna). <\/span><\/span><\/p>\n<p align=\"JUSTIFY\"><span style=\"font-family: Calibri,sans-serif;\"><span style=\"font-size: x-large;\"><b>Dieser subtil-implizierte Sunyat\u00e4 wird beschrieben<\/b> im Satchakra-Nirupan\u00e4, Verse 41 bis 49.<\/span><\/span><\/p>\n<p align=\"JUSTIFY\">\u201e\u2026 <span style=\"font-family: Calibri,sans-serif;\"><span style=\"font-size: x-large;\">in ihm sind verschmolzen Rasha und Virasha und Er ist wie die Sonne, die die Dunkelheit des Unwissens (avidy\u00e4), Illusion oder die relative Realit\u00e4t (Maj\u00e4) und Irrtum (Vr\u00e4nti) aufl\u00f6st\u2026\u201c (siehe:\u00a0Gheranda-Samhita, Vol III, Verse 114). <\/span><\/span><\/p>\n","protected":false},"excerpt":{"rendered":"<p>Im Sahasr\u00e4r\u00e4 leuchten die unz\u00e4hligen, unendlichen, ewigen, ontologischen Glanzstrahlen und der S\u00e4dhaka versinkt im Nirvana-Strom. Hier ist der Sitz der absoluten Leerheit (vishudda-ananta-Sunyat\u00e4,siehe: Maddhamakka im Mah\u00e4j\u00e4na-Buddhismus von N\u00e4g\u00e4rjuna). Dieser subtil-implizierte Sunyat\u00e4 wird beschrieben im Satchakra-Nirupan\u00e4, Verse 41 bis 49. \u201e\u2026 in ihm sind verschmolzen Rasha und Virasha und Er ist wie die Sonne, die die &hellip; <a href=\"http:\/\/blog.saranagata.de\/?page_id=238\" class=\"more-link\"><span class=\"screen-reader-text\">Einige Worte zu Sahasrara<\/span> weiterlesen<\/a><\/p>\n","protected":false},"author":1,"featured_media":0,"parent":0,"menu_order":0,"comment_status":"closed","ping_status":"closed","template":"","meta":[],"yoast_head":"<!-- This site is optimized with the Yoast SEO plugin v20.10 - https:\/\/yoast.com\/wordpress\/plugins\/seo\/ -->\n<title>Einige Worte zu Sahasrara - Saranagata<\/title>\n<meta name=\"robots\" content=\"index, follow, max-snippet:-1, max-image-preview:large, max-video-preview:-1\" \/>\n<link rel=\"canonical\" href=\"http:\/\/blog.saranagata.de\/?page_id=238\" \/>\n<meta property=\"og:locale\" content=\"de_DE\" \/>\n<meta property=\"og:type\" content=\"article\" \/>\n<meta property=\"og:title\" content=\"Einige Worte zu Sahasrara - Saranagata\" \/>\n<meta property=\"og:description\" content=\"Im Sahasr\u00e4r\u00e4 leuchten die unz\u00e4hligen, unendlichen, ewigen, ontologischen Glanzstrahlen und der S\u00e4dhaka versinkt im Nirvana-Strom. Hier ist der Sitz der absoluten Leerheit (vishudda-ananta-Sunyat\u00e4,siehe: Maddhamakka im Mah\u00e4j\u00e4na-Buddhismus von N\u00e4g\u00e4rjuna). Dieser subtil-implizierte Sunyat\u00e4 wird beschrieben im Satchakra-Nirupan\u00e4, Verse 41 bis 49. \u201e\u2026 in ihm sind verschmolzen Rasha und Virasha und Er ist wie die Sonne, die die &hellip; Einige Worte zu Sahasrara weiterlesen\" \/>\n<meta property=\"og:url\" content=\"http:\/\/blog.saranagata.de\/?page_id=238\" \/>\n<meta property=\"og:site_name\" content=\"Saranagata\" \/>\n<meta property=\"article:modified_time\" content=\"2015-08-24T20:04:51+00:00\" \/>\n<meta name=\"twitter:card\" content=\"summary_large_image\" \/>\n<script type=\"application\/ld+json\" class=\"yoast-schema-graph\">{\"@context\":\"https:\/\/schema.org\",\"@graph\":[{\"@type\":\"WebPage\",\"@id\":\"http:\/\/blog.saranagata.de\/?page_id=238\",\"url\":\"http:\/\/blog.saranagata.de\/?page_id=238\",\"name\":\"Einige Worte zu Sahasrara - Saranagata\",\"isPartOf\":{\"@id\":\"http:\/\/blog.saranagata.de\/#website\"},\"datePublished\":\"2015-08-17T19:39:54+00:00\",\"dateModified\":\"2015-08-24T20:04:51+00:00\",\"breadcrumb\":{\"@id\":\"http:\/\/blog.saranagata.de\/?page_id=238#breadcrumb\"},\"inLanguage\":\"de-DE\",\"potentialAction\":[{\"@type\":\"ReadAction\",\"target\":[\"http:\/\/blog.saranagata.de\/?page_id=238\"]}]},{\"@type\":\"BreadcrumbList\",\"@id\":\"http:\/\/blog.saranagata.de\/?page_id=238#breadcrumb\",\"itemListElement\":[{\"@type\":\"ListItem\",\"position\":1,\"name\":\"Startseite\",\"item\":\"http:\/\/blog.saranagata.de\/\"},{\"@type\":\"ListItem\",\"position\":2,\"name\":\"Einige Worte zu Sahasrara\"}]},{\"@type\":\"WebSite\",\"@id\":\"http:\/\/blog.saranagata.de\/#website\",\"url\":\"http:\/\/blog.saranagata.de\/\",\"name\":\"Saranagata\",\"description\":\"Parthasarathis spirituelle Oase\",\"potentialAction\":[{\"@type\":\"SearchAction\",\"target\":{\"@type\":\"EntryPoint\",\"urlTemplate\":\"http:\/\/blog.saranagata.de\/?s={search_term_string}\"},\"query-input\":\"required name=search_term_string\"}],\"inLanguage\":\"de-DE\"}]}<\/script>\n<!-- \/ Yoast SEO plugin. -->","yoast_head_json":{"title":"Einige Worte zu Sahasrara - Saranagata","robots":{"index":"index","follow":"follow","max-snippet":"max-snippet:-1","max-image-preview":"max-image-preview:large","max-video-preview":"max-video-preview:-1"},"canonical":"http:\/\/blog.saranagata.de\/?page_id=238","og_locale":"de_DE","og_type":"article","og_title":"Einige Worte zu Sahasrara - Saranagata","og_description":"Im Sahasr\u00e4r\u00e4 leuchten die unz\u00e4hligen, unendlichen, ewigen, ontologischen Glanzstrahlen und der S\u00e4dhaka versinkt im Nirvana-Strom. Hier ist der Sitz der absoluten Leerheit (vishudda-ananta-Sunyat\u00e4,siehe: Maddhamakka im Mah\u00e4j\u00e4na-Buddhismus von N\u00e4g\u00e4rjuna). Dieser subtil-implizierte Sunyat\u00e4 wird beschrieben im Satchakra-Nirupan\u00e4, Verse 41 bis 49. \u201e\u2026 in ihm sind verschmolzen Rasha und Virasha und Er ist wie die Sonne, die die &hellip; Einige Worte zu Sahasrara weiterlesen","og_url":"http:\/\/blog.saranagata.de\/?page_id=238","og_site_name":"Saranagata","article_modified_time":"2015-08-24T20:04:51+00:00","twitter_card":"summary_large_image","schema":{"@context":"https:\/\/schema.org","@graph":[{"@type":"WebPage","@id":"http:\/\/blog.saranagata.de\/?page_id=238","url":"http:\/\/blog.saranagata.de\/?page_id=238","name":"Einige Worte zu Sahasrara - Saranagata","isPartOf":{"@id":"http:\/\/blog.saranagata.de\/#website"},"datePublished":"2015-08-17T19:39:54+00:00","dateModified":"2015-08-24T20:04:51+00:00","breadcrumb":{"@id":"http:\/\/blog.saranagata.de\/?page_id=238#breadcrumb"},"inLanguage":"de-DE","potentialAction":[{"@type":"ReadAction","target":["http:\/\/blog.saranagata.de\/?page_id=238"]}]},{"@type":"BreadcrumbList","@id":"http:\/\/blog.saranagata.de\/?page_id=238#breadcrumb","itemListElement":[{"@type":"ListItem","position":1,"name":"Startseite","item":"http:\/\/blog.saranagata.de\/"},{"@type":"ListItem","position":2,"name":"Einige Worte zu Sahasrara"}]},{"@type":"WebSite","@id":"http:\/\/blog.saranagata.de\/#website","url":"http:\/\/blog.saranagata.de\/","name":"Saranagata","description":"Parthasarathis spirituelle Oase","potentialAction":[{"@type":"SearchAction","target":{"@type":"EntryPoint","urlTemplate":"http:\/\/blog.saranagata.de\/?s={search_term_string}"},"query-input":"required name=search_term_string"}],"inLanguage":"de-DE"}]}},"_links":{"self":[{"href":"http:\/\/blog.saranagata.de\/index.php?rest_route=\/wp\/v2\/pages\/238"}],"collection":[{"href":"http:\/\/blog.saranagata.de\/index.php?rest_route=\/wp\/v2\/pages"}],"about":[{"href":"http:\/\/blog.saranagata.de\/index.php?rest_route=\/wp\/v2\/types\/page"}],"author":[{"embeddable":true,"href":"http:\/\/blog.saranagata.de\/index.php?rest_route=\/wp\/v2\/users\/1"}],"replies":[{"embeddable":true,"href":"http:\/\/blog.saranagata.de\/index.php?rest_route=%2Fwp%2Fv2%2Fcomments&post=238"}],"version-history":[{"count":1,"href":"http:\/\/blog.saranagata.de\/index.php?rest_route=\/wp\/v2\/pages\/238\/revisions"}],"predecessor-version":[{"id":240,"href":"http:\/\/blog.saranagata.de\/index.php?rest_route=\/wp\/v2\/pages\/238\/revisions\/240"}],"wp:attachment":[{"href":"http:\/\/blog.saranagata.de\/index.php?rest_route=%2Fwp%2Fv2%2Fmedia&parent=238"}],"curies":[{"name":"wp","href":"https:\/\/api.w.org\/{rel}","templated":true}]}}