{"id":223,"date":"2015-08-17T19:22:21","date_gmt":"2015-08-17T19:22:21","guid":{"rendered":"http:\/\/blog.saranagata.de\/?page_id=223"},"modified":"2023-05-08T19:40:38","modified_gmt":"2023-05-08T19:40:38","slug":"die-chakras","status":"publish","type":"page","link":"http:\/\/blog.saranagata.de\/?page_id=223","title":{"rendered":"Die Chakras"},"content":{"rendered":"<p align=\"JUSTIFY\"><span style=\"font-family: Calibri,sans-serif;\"><span style=\"font-size: x-large;\">Die Chakras sind recht komplex. Sie sind die Bewusstseinszentren (chaitanyasth\u00e4na) und bestehen aus dem Subtil-K\u00f6rper (k\u00e4rana-sharira), sie drehen sich wie ein Rad oder Kreis, durch den<b> <\/b>die von Pr\u00e4na-V\u00e4yu geweckte Kundalini aufsteigt. Im K\u00f6rperinneren, und zwar entlang der Wirbels\u00e4ule (merudana), liegen die sechs Chakras und sie gelten als Einflusszone von Shakti. <strong>Das an der h\u00f6chsten Stelle des Kopfes liegende Sahasr\u00e4r\u00e4-Chakra<\/strong> gilt als Gegenwartsebene von Shiva (siehe: Bar\u00e4ha-Up., Kap. V).<\/span><\/span><\/p>\n<p align=\"JUSTIFY\"><span style=\"font-family: Calibri,sans-serif;\"><span style=\"font-size: x-large;\">Die Chakras sind in <strong>aufsteigender Bedeutung angeordnet.<\/strong> Das niedrigste Chakra im K\u00f6rper des Menschen ist Mula-dhar\u00e4, auch als Ksiti bezeichnet oder als erdig. Sowohl Mula-dh\u00e4ra als auch die vier dar\u00fcber liegenden Chakras, also<b> Svadhist\u00e4na, Manipura, An\u00e4hata <\/b>und<b> Vishuddha <\/b>gelten als grobstofflich im Aggregatzustand. An\u00e4hata impliziert Lichterscheinungen und Vishuddha fesselt exklusive in spiritueller Unterhaltung. <b>Das sechste Chakra ist Ajn\u00e4, das Geisteszentrum. Es erm\u00f6glicht die Wahrnehmung Gottes. Das siebte Chakra, Sahasr\u00e4r\u00e4, ist der Kulminationspunkt (unitas cum divinus).<\/b><\/span><\/span><\/p>\n<p align=\"JUSTIFY\"><span style=\"font-family: Calibri,sans-serif;\"><span style=\"font-size: x-large;\"><b>Den Chakras ist jeweils eine Lotusbl\u00fcte zugeordnet, jeder Lotus eines h\u00f6heren Chakras tr\u00e4gt zwei oder vier Bl\u00fctenbl\u00e4tter mehr als der Lotus des jeweils niedrigeren Chakras.<\/b> Die Bl\u00e4tter neigen sich nach unten, tragen spezifische Buchstaben (akkhara) des Mantra-Deva\/Devi. Au\u00dferdem sind die Lotusbl\u00fcten farbig und erzeugen sehr subtile Klang-Schwingungen. <\/span><\/span><\/p>\n<p align=\"JUSTIFY\"><span style=\"font-family: Calibri,sans-serif;\"><span style=\"font-size: x-large;\">Die Chakras \u2013 in aufsteigender Richtung vom tiefsten Punkt des Abdomens betrachtet \u2013 sind: <\/span><\/span><\/p>\n<ul>\n<li><span style=\"font-family: Calibri,sans-serif;\"><span style=\"font-size: x-large;\"><b>Muladh\u00e4r\u00e4<\/b><\/span><\/span><\/li>\n<li><span style=\"font-family: Calibri,sans-serif;\"><span style=\"font-size: x-large;\"><b>Svadhist\u00e4na<\/b><\/span><\/span><\/li>\n<li><span style=\"font-family: Calibri,sans-serif;\"><span style=\"font-size: x-large;\"><b>Manipur\u00e4<\/b><\/span><\/span><\/li>\n<li><span style=\"font-family: Calibri,sans-serif;\"><span style=\"font-size: x-large;\"><b>An\u00e4hata<\/b><\/span><\/span><\/li>\n<li><span style=\"font-family: Calibri,sans-serif;\"><span style=\"font-size: x-large;\"><b> Vishudda<\/b><\/span><\/span><\/li>\n<li><span style=\"font-family: Calibri,sans-serif;\"><span style=\"font-size: x-large;\"><b>Ajn\u00e4<\/b><\/span><\/span><\/li>\n<li><span style=\"font-family: Calibri,sans-serif;\"><span style=\"font-size: x-large;\"><b>und als Kr\u00f6nung Sahasr\u00e4r\u00e4.<\/b><\/span><\/span><\/li>\n<\/ul>\n","protected":false},"excerpt":{"rendered":"<p>Die Chakras sind recht komplex. Sie sind die Bewusstseinszentren (chaitanyasth\u00e4na) und bestehen aus dem Subtil-K\u00f6rper (k\u00e4rana-sharira), sie drehen sich wie ein Rad oder Kreis, durch den die von Pr\u00e4na-V\u00e4yu geweckte Kundalini aufsteigt. Im K\u00f6rperinneren, und zwar entlang der Wirbels\u00e4ule (merudana), liegen die sechs Chakras und sie gelten als Einflusszone von Shakti. Das an der h\u00f6chsten &hellip; <a href=\"http:\/\/blog.saranagata.de\/?page_id=223\" class=\"more-link\"><span class=\"screen-reader-text\">Die Chakras<\/span> weiterlesen<\/a><\/p>\n","protected":false},"author":1,"featured_media":0,"parent":0,"menu_order":0,"comment_status":"closed","ping_status":"closed","template":"","meta":[],"yoast_head":"<!-- This site is optimized with the Yoast SEO plugin v20.10 - https:\/\/yoast.com\/wordpress\/plugins\/seo\/ -->\n<title>Die Chakras - Saranagata<\/title>\n<meta name=\"robots\" content=\"index, follow, max-snippet:-1, max-image-preview:large, max-video-preview:-1\" \/>\n<link rel=\"canonical\" href=\"http:\/\/blog.saranagata.de\/?page_id=223\" \/>\n<meta property=\"og:locale\" content=\"de_DE\" \/>\n<meta property=\"og:type\" content=\"article\" \/>\n<meta property=\"og:title\" content=\"Die Chakras - Saranagata\" \/>\n<meta property=\"og:description\" content=\"Die Chakras sind recht komplex. Sie sind die Bewusstseinszentren (chaitanyasth\u00e4na) und bestehen aus dem Subtil-K\u00f6rper (k\u00e4rana-sharira), sie drehen sich wie ein Rad oder Kreis, durch den die von Pr\u00e4na-V\u00e4yu geweckte Kundalini aufsteigt. Im K\u00f6rperinneren, und zwar entlang der Wirbels\u00e4ule (merudana), liegen die sechs Chakras und sie gelten als Einflusszone von Shakti. Das an der h\u00f6chsten &hellip; Die Chakras weiterlesen\" \/>\n<meta property=\"og:url\" content=\"http:\/\/blog.saranagata.de\/?page_id=223\" \/>\n<meta property=\"og:site_name\" content=\"Saranagata\" \/>\n<meta property=\"article:modified_time\" content=\"2023-05-08T19:40:38+00:00\" \/>\n<meta name=\"twitter:card\" content=\"summary_large_image\" \/>\n<meta name=\"twitter:label1\" content=\"Gesch\u00e4tzte Lesezeit\" \/>\n\t<meta name=\"twitter:data1\" content=\"2 Minuten\" \/>\n<script type=\"application\/ld+json\" class=\"yoast-schema-graph\">{\"@context\":\"https:\/\/schema.org\",\"@graph\":[{\"@type\":\"WebPage\",\"@id\":\"http:\/\/blog.saranagata.de\/?page_id=223\",\"url\":\"http:\/\/blog.saranagata.de\/?page_id=223\",\"name\":\"Die Chakras - Saranagata\",\"isPartOf\":{\"@id\":\"http:\/\/blog.saranagata.de\/#website\"},\"datePublished\":\"2015-08-17T19:22:21+00:00\",\"dateModified\":\"2023-05-08T19:40:38+00:00\",\"breadcrumb\":{\"@id\":\"http:\/\/blog.saranagata.de\/?page_id=223#breadcrumb\"},\"inLanguage\":\"de-DE\",\"potentialAction\":[{\"@type\":\"ReadAction\",\"target\":[\"http:\/\/blog.saranagata.de\/?page_id=223\"]}]},{\"@type\":\"BreadcrumbList\",\"@id\":\"http:\/\/blog.saranagata.de\/?page_id=223#breadcrumb\",\"itemListElement\":[{\"@type\":\"ListItem\",\"position\":1,\"name\":\"Startseite\",\"item\":\"http:\/\/blog.saranagata.de\/\"},{\"@type\":\"ListItem\",\"position\":2,\"name\":\"Die Chakras\"}]},{\"@type\":\"WebSite\",\"@id\":\"http:\/\/blog.saranagata.de\/#website\",\"url\":\"http:\/\/blog.saranagata.de\/\",\"name\":\"Saranagata\",\"description\":\"Parthasarathis spirituelle Oase\",\"potentialAction\":[{\"@type\":\"SearchAction\",\"target\":{\"@type\":\"EntryPoint\",\"urlTemplate\":\"http:\/\/blog.saranagata.de\/?s={search_term_string}\"},\"query-input\":\"required name=search_term_string\"}],\"inLanguage\":\"de-DE\"}]}<\/script>\n<!-- \/ Yoast SEO plugin. -->","yoast_head_json":{"title":"Die Chakras - Saranagata","robots":{"index":"index","follow":"follow","max-snippet":"max-snippet:-1","max-image-preview":"max-image-preview:large","max-video-preview":"max-video-preview:-1"},"canonical":"http:\/\/blog.saranagata.de\/?page_id=223","og_locale":"de_DE","og_type":"article","og_title":"Die Chakras - Saranagata","og_description":"Die Chakras sind recht komplex. Sie sind die Bewusstseinszentren (chaitanyasth\u00e4na) und bestehen aus dem Subtil-K\u00f6rper (k\u00e4rana-sharira), sie drehen sich wie ein Rad oder Kreis, durch den die von Pr\u00e4na-V\u00e4yu geweckte Kundalini aufsteigt. Im K\u00f6rperinneren, und zwar entlang der Wirbels\u00e4ule (merudana), liegen die sechs Chakras und sie gelten als Einflusszone von Shakti. Das an der h\u00f6chsten &hellip; Die Chakras weiterlesen","og_url":"http:\/\/blog.saranagata.de\/?page_id=223","og_site_name":"Saranagata","article_modified_time":"2023-05-08T19:40:38+00:00","twitter_card":"summary_large_image","twitter_misc":{"Gesch\u00e4tzte Lesezeit":"2 Minuten"},"schema":{"@context":"https:\/\/schema.org","@graph":[{"@type":"WebPage","@id":"http:\/\/blog.saranagata.de\/?page_id=223","url":"http:\/\/blog.saranagata.de\/?page_id=223","name":"Die Chakras - Saranagata","isPartOf":{"@id":"http:\/\/blog.saranagata.de\/#website"},"datePublished":"2015-08-17T19:22:21+00:00","dateModified":"2023-05-08T19:40:38+00:00","breadcrumb":{"@id":"http:\/\/blog.saranagata.de\/?page_id=223#breadcrumb"},"inLanguage":"de-DE","potentialAction":[{"@type":"ReadAction","target":["http:\/\/blog.saranagata.de\/?page_id=223"]}]},{"@type":"BreadcrumbList","@id":"http:\/\/blog.saranagata.de\/?page_id=223#breadcrumb","itemListElement":[{"@type":"ListItem","position":1,"name":"Startseite","item":"http:\/\/blog.saranagata.de\/"},{"@type":"ListItem","position":2,"name":"Die Chakras"}]},{"@type":"WebSite","@id":"http:\/\/blog.saranagata.de\/#website","url":"http:\/\/blog.saranagata.de\/","name":"Saranagata","description":"Parthasarathis spirituelle Oase","potentialAction":[{"@type":"SearchAction","target":{"@type":"EntryPoint","urlTemplate":"http:\/\/blog.saranagata.de\/?s={search_term_string}"},"query-input":"required name=search_term_string"}],"inLanguage":"de-DE"}]}},"_links":{"self":[{"href":"http:\/\/blog.saranagata.de\/index.php?rest_route=\/wp\/v2\/pages\/223"}],"collection":[{"href":"http:\/\/blog.saranagata.de\/index.php?rest_route=\/wp\/v2\/pages"}],"about":[{"href":"http:\/\/blog.saranagata.de\/index.php?rest_route=\/wp\/v2\/types\/page"}],"author":[{"embeddable":true,"href":"http:\/\/blog.saranagata.de\/index.php?rest_route=\/wp\/v2\/users\/1"}],"replies":[{"embeddable":true,"href":"http:\/\/blog.saranagata.de\/index.php?rest_route=%2Fwp%2Fv2%2Fcomments&post=223"}],"version-history":[{"count":6,"href":"http:\/\/blog.saranagata.de\/index.php?rest_route=\/wp\/v2\/pages\/223\/revisions"}],"predecessor-version":[{"id":585,"href":"http:\/\/blog.saranagata.de\/index.php?rest_route=\/wp\/v2\/pages\/223\/revisions\/585"}],"wp:attachment":[{"href":"http:\/\/blog.saranagata.de\/index.php?rest_route=%2Fwp%2Fv2%2Fmedia&parent=223"}],"curies":[{"name":"wp","href":"https:\/\/api.w.org\/{rel}","templated":true}]}}