{"id":208,"date":"2015-08-17T19:10:15","date_gmt":"2015-08-17T19:10:15","guid":{"rendered":"http:\/\/blog.saranagata.de\/?page_id=208"},"modified":"2015-08-24T20:01:52","modified_gmt":"2015-08-24T20:01:52","slug":"der-aufgeklaerte-ansatz-heute","status":"publish","type":"page","link":"http:\/\/blog.saranagata.de\/?page_id=208","title":{"rendered":"Der aufgekl\u00e4rte Ansatz heute"},"content":{"rendered":"<p><span style=\"font-family: Calibri,sans-serif;\"><span style=\"font-size: x-large;\">Wir haben gesehen, dass Shakti als Shaguna-Aspekt von Brahma immanent und transzendent in der Gesamtheit der Sch\u00f6pfung mitschwingt und als Pr\u00e4na-Shakti (kosmische Urkraft=\u00e4dya-shakti) in jedem Muladh\u00e4r\u00e4 (Wurzelchakra) innewohnt (Kundalini-Yoga).<\/span><\/span><\/p>\n<p><span style=\"font-family: Calibri,sans-serif;\"><span style=\"font-size: x-large;\">Deshalb kann die Mantra-Shakti unm\u00f6glich limitiert und gefesselt in dem Sanskrit Alphabet und Silben geschriebene Mantras, ersch\u00f6pft sein! <\/span><\/span><\/p>\n<p><span style=\"font-family: Calibri,sans-serif;\"><span style=\"font-size: x-large;\">Der gedungene M\u00f6rder und sp\u00e4ter der gro\u00dfe Asket Mah\u00e4muni B\u00e4lmiki, der Verfasser von \u201eR\u00e4m\u00e4y\u00e4na-Epos, gewann seine Illumination nur durch sein Mantra, das aus vier Buchstaben bestand &#8211; R\u00e4ma!<\/span><\/span><\/p>\n<p><span style=\"font-family: Calibri,sans-serif;\"><span style=\"font-size: x-large;\">Besonders im Osten Indiens haben zahlreiche S\u00e4dhak\u00e4s die Erleuchtung erfahren, durch das Mantra \u201eM\u00e4\u201c, was in Landessprache schlicht Mutter hei\u00dft.<\/span><\/span><\/p>\n<p><span style=\"font-family: Calibri,sans-serif;\"><span style=\"font-size: x-large;\">Diese Beispiele unterstreichen die Tatsache deutlich, dass ein Mantra niemals nur in einer Sprache und mit fest formulierten W\u00f6rtern und S\u00e4tzen als einzigen gangbaren Weg sein kann. <\/span><\/span><\/p>\n<p><span style=\"font-family: Calibri,sans-serif;\"><span style=\"font-size: x-large;\">Dass Prinzip des Mantra ist universell g\u00fcltig und v\u00f6llig unabh\u00e4ngig von irgendwelche Sprache oder artikulierbare phonetische Laute. Sowohl das Leit-Mantra (Mula-Mantra) als auch die Samen-Korn Mantras (Bija-Mantras) sind die Silben in dem man alles M\u00f6gliche an Bildern und Bedeutung hinein bauen und interpretieren kann.<\/span><\/span><\/p>\n<p><span style=\"font-family: Calibri,sans-serif;\"><span style=\"font-size: x-large;\">F\u00fcr die Christen w\u00e4re zum Beispiel in aram\u00e4isch \u201ema-ra-n\u00e4-tha\u201c, soll bedeuten \u201ekomm Herr Jesus zu mir\u201c, in entsprechender Weise vorgetragen mit Sicherheit ein Mantra! Das wichtigste ist nicht das Mantra selbst, sonder die Mantra-S\u00e4dhan\u00e4 mit voller Inbrunst (die goldenen Rosen-Kreuzer nennen es Heil-Begehren), damit wird das Mantra erst beatmet, belebt, beherzt, beseelt- wird lebendiges Licht!<\/span><\/span><\/p>\n","protected":false},"excerpt":{"rendered":"<p>Wir haben gesehen, dass Shakti als Shaguna-Aspekt von Brahma immanent und transzendent in der Gesamtheit der Sch\u00f6pfung mitschwingt und als Pr\u00e4na-Shakti (kosmische Urkraft=\u00e4dya-shakti) in jedem Muladh\u00e4r\u00e4 (Wurzelchakra) innewohnt (Kundalini-Yoga). Deshalb kann die Mantra-Shakti unm\u00f6glich limitiert und gefesselt in dem Sanskrit Alphabet und Silben geschriebene Mantras, ersch\u00f6pft sein! Der gedungene M\u00f6rder und sp\u00e4ter der gro\u00dfe Asket &hellip; <a href=\"http:\/\/blog.saranagata.de\/?page_id=208\" class=\"more-link\"><span class=\"screen-reader-text\">Der aufgekl\u00e4rte Ansatz heute<\/span> weiterlesen<\/a><\/p>\n","protected":false},"author":1,"featured_media":0,"parent":0,"menu_order":0,"comment_status":"closed","ping_status":"closed","template":"","meta":[],"yoast_head":"<!-- This site is optimized with the Yoast SEO plugin v20.10 - https:\/\/yoast.com\/wordpress\/plugins\/seo\/ -->\n<title>Der aufgekl\u00e4rte Ansatz heute - Saranagata<\/title>\n<meta name=\"robots\" content=\"index, follow, max-snippet:-1, max-image-preview:large, max-video-preview:-1\" \/>\n<link rel=\"canonical\" href=\"http:\/\/blog.saranagata.de\/?page_id=208\" \/>\n<meta property=\"og:locale\" content=\"de_DE\" \/>\n<meta property=\"og:type\" content=\"article\" \/>\n<meta property=\"og:title\" content=\"Der aufgekl\u00e4rte Ansatz heute - Saranagata\" \/>\n<meta property=\"og:description\" content=\"Wir haben gesehen, dass Shakti als Shaguna-Aspekt von Brahma immanent und transzendent in der Gesamtheit der Sch\u00f6pfung mitschwingt und als Pr\u00e4na-Shakti (kosmische Urkraft=\u00e4dya-shakti) in jedem Muladh\u00e4r\u00e4 (Wurzelchakra) innewohnt (Kundalini-Yoga). Deshalb kann die Mantra-Shakti unm\u00f6glich limitiert und gefesselt in dem Sanskrit Alphabet und Silben geschriebene Mantras, ersch\u00f6pft sein! Der gedungene M\u00f6rder und sp\u00e4ter der gro\u00dfe Asket &hellip; Der aufgekl\u00e4rte Ansatz heute weiterlesen\" \/>\n<meta property=\"og:url\" content=\"http:\/\/blog.saranagata.de\/?page_id=208\" \/>\n<meta property=\"og:site_name\" content=\"Saranagata\" \/>\n<meta property=\"article:modified_time\" content=\"2015-08-24T20:01:52+00:00\" \/>\n<meta name=\"twitter:card\" content=\"summary_large_image\" \/>\n<meta name=\"twitter:label1\" content=\"Gesch\u00e4tzte Lesezeit\" \/>\n\t<meta name=\"twitter:data1\" content=\"1 Minute\" \/>\n<script type=\"application\/ld+json\" class=\"yoast-schema-graph\">{\"@context\":\"https:\/\/schema.org\",\"@graph\":[{\"@type\":\"WebPage\",\"@id\":\"http:\/\/blog.saranagata.de\/?page_id=208\",\"url\":\"http:\/\/blog.saranagata.de\/?page_id=208\",\"name\":\"Der aufgekl\u00e4rte Ansatz heute - Saranagata\",\"isPartOf\":{\"@id\":\"http:\/\/blog.saranagata.de\/#website\"},\"datePublished\":\"2015-08-17T19:10:15+00:00\",\"dateModified\":\"2015-08-24T20:01:52+00:00\",\"breadcrumb\":{\"@id\":\"http:\/\/blog.saranagata.de\/?page_id=208#breadcrumb\"},\"inLanguage\":\"de-DE\",\"potentialAction\":[{\"@type\":\"ReadAction\",\"target\":[\"http:\/\/blog.saranagata.de\/?page_id=208\"]}]},{\"@type\":\"BreadcrumbList\",\"@id\":\"http:\/\/blog.saranagata.de\/?page_id=208#breadcrumb\",\"itemListElement\":[{\"@type\":\"ListItem\",\"position\":1,\"name\":\"Startseite\",\"item\":\"http:\/\/blog.saranagata.de\/\"},{\"@type\":\"ListItem\",\"position\":2,\"name\":\"Der aufgekl\u00e4rte Ansatz heute\"}]},{\"@type\":\"WebSite\",\"@id\":\"http:\/\/blog.saranagata.de\/#website\",\"url\":\"http:\/\/blog.saranagata.de\/\",\"name\":\"Saranagata\",\"description\":\"Parthasarathis spirituelle Oase\",\"potentialAction\":[{\"@type\":\"SearchAction\",\"target\":{\"@type\":\"EntryPoint\",\"urlTemplate\":\"http:\/\/blog.saranagata.de\/?s={search_term_string}\"},\"query-input\":\"required name=search_term_string\"}],\"inLanguage\":\"de-DE\"}]}<\/script>\n<!-- \/ Yoast SEO plugin. -->","yoast_head_json":{"title":"Der aufgekl\u00e4rte Ansatz heute - Saranagata","robots":{"index":"index","follow":"follow","max-snippet":"max-snippet:-1","max-image-preview":"max-image-preview:large","max-video-preview":"max-video-preview:-1"},"canonical":"http:\/\/blog.saranagata.de\/?page_id=208","og_locale":"de_DE","og_type":"article","og_title":"Der aufgekl\u00e4rte Ansatz heute - Saranagata","og_description":"Wir haben gesehen, dass Shakti als Shaguna-Aspekt von Brahma immanent und transzendent in der Gesamtheit der Sch\u00f6pfung mitschwingt und als Pr\u00e4na-Shakti (kosmische Urkraft=\u00e4dya-shakti) in jedem Muladh\u00e4r\u00e4 (Wurzelchakra) innewohnt (Kundalini-Yoga). Deshalb kann die Mantra-Shakti unm\u00f6glich limitiert und gefesselt in dem Sanskrit Alphabet und Silben geschriebene Mantras, ersch\u00f6pft sein! Der gedungene M\u00f6rder und sp\u00e4ter der gro\u00dfe Asket &hellip; Der aufgekl\u00e4rte Ansatz heute weiterlesen","og_url":"http:\/\/blog.saranagata.de\/?page_id=208","og_site_name":"Saranagata","article_modified_time":"2015-08-24T20:01:52+00:00","twitter_card":"summary_large_image","twitter_misc":{"Gesch\u00e4tzte Lesezeit":"1 Minute"},"schema":{"@context":"https:\/\/schema.org","@graph":[{"@type":"WebPage","@id":"http:\/\/blog.saranagata.de\/?page_id=208","url":"http:\/\/blog.saranagata.de\/?page_id=208","name":"Der aufgekl\u00e4rte Ansatz heute - Saranagata","isPartOf":{"@id":"http:\/\/blog.saranagata.de\/#website"},"datePublished":"2015-08-17T19:10:15+00:00","dateModified":"2015-08-24T20:01:52+00:00","breadcrumb":{"@id":"http:\/\/blog.saranagata.de\/?page_id=208#breadcrumb"},"inLanguage":"de-DE","potentialAction":[{"@type":"ReadAction","target":["http:\/\/blog.saranagata.de\/?page_id=208"]}]},{"@type":"BreadcrumbList","@id":"http:\/\/blog.saranagata.de\/?page_id=208#breadcrumb","itemListElement":[{"@type":"ListItem","position":1,"name":"Startseite","item":"http:\/\/blog.saranagata.de\/"},{"@type":"ListItem","position":2,"name":"Der aufgekl\u00e4rte Ansatz heute"}]},{"@type":"WebSite","@id":"http:\/\/blog.saranagata.de\/#website","url":"http:\/\/blog.saranagata.de\/","name":"Saranagata","description":"Parthasarathis spirituelle Oase","potentialAction":[{"@type":"SearchAction","target":{"@type":"EntryPoint","urlTemplate":"http:\/\/blog.saranagata.de\/?s={search_term_string}"},"query-input":"required name=search_term_string"}],"inLanguage":"de-DE"}]}},"_links":{"self":[{"href":"http:\/\/blog.saranagata.de\/index.php?rest_route=\/wp\/v2\/pages\/208"}],"collection":[{"href":"http:\/\/blog.saranagata.de\/index.php?rest_route=\/wp\/v2\/pages"}],"about":[{"href":"http:\/\/blog.saranagata.de\/index.php?rest_route=\/wp\/v2\/types\/page"}],"author":[{"embeddable":true,"href":"http:\/\/blog.saranagata.de\/index.php?rest_route=\/wp\/v2\/users\/1"}],"replies":[{"embeddable":true,"href":"http:\/\/blog.saranagata.de\/index.php?rest_route=%2Fwp%2Fv2%2Fcomments&post=208"}],"version-history":[{"count":2,"href":"http:\/\/blog.saranagata.de\/index.php?rest_route=\/wp\/v2\/pages\/208\/revisions"}],"predecessor-version":[{"id":263,"href":"http:\/\/blog.saranagata.de\/index.php?rest_route=\/wp\/v2\/pages\/208\/revisions\/263"}],"wp:attachment":[{"href":"http:\/\/blog.saranagata.de\/index.php?rest_route=%2Fwp%2Fv2%2Fmedia&parent=208"}],"curies":[{"name":"wp","href":"https:\/\/api.w.org\/{rel}","templated":true}]}}