{"id":205,"date":"2015-08-17T19:09:06","date_gmt":"2015-08-17T19:09:06","guid":{"rendered":"http:\/\/blog.saranagata.de\/?page_id=205"},"modified":"2015-08-24T20:01:30","modified_gmt":"2015-08-24T20:01:30","slug":"die-praxis-des-mantra-yoga","status":"publish","type":"page","link":"http:\/\/blog.saranagata.de\/?page_id=205","title":{"rendered":"Die Praxis des Mantra-Yoga"},"content":{"rendered":"<p><em><strong><span style=\"font-family: Calibri,sans-serif;\"><span style=\"font-size: x-large;\">&#8230; und die Voraussetzungen f\u00fcr den Erfolg:<\/span><\/span><\/strong><\/em><\/p>\n<p>&nbsp;<\/p>\n<p><span style=\"font-family: Calibri,sans-serif;\"><span style=\"font-size: x-large;\">Spanda (als Deva-parikalpan\u00e4), dann Shabda\/ Dhani, N\u00e4da, Bindu, Varna, Akkhara, Vakya sind die sukzessive Entwicklung von Nirguna-Brahma zum Shaguna-Brahma als Mah\u00e4-Shakti- frei von Feinstofflichkeit ins Grobstoffliche. Dieser Shakti-Aspekt manifestiert sich als Impuls in dreierlei Weise und zwar Erkenntnis (Jn\u00e4na-Shakti), Denken und \u00c4u\u00dfern (Ichch\u00e4-Shakti), die Bem\u00fchung f\u00fcr die Verwirklichung (Kriy\u00e4-Shakti).<\/span><\/span><\/p>\n<p align=\"CENTER\">\u201e<span style=\"font-family: Calibri,sans-serif;\"><span style=\"font-size: x-large;\">Par\u00e4sya Shaktirbibibybha Shruate &#8211; Svavabiki jn\u00e4nabalakriy\u00e4 cha.\u201c<\/span><\/span><\/p>\n<p><span style=\"font-family: Calibri,sans-serif;\"><span style=\"font-size: x-large;\">Also, Jn\u00e4na-Shakti ist Svattiki-M\u00e4y\u00e4, genannt Vaishnavi-Shakti <\/span><\/span><\/p>\n<p><span style=\"font-family: Calibri,sans-serif;\"><span style=\"font-size: x-large;\">Ichch\u00e4-Shakti ist R\u00e4jashi-M\u00e4ya, genannt Br\u00e4hmi-Shakti<\/span><\/span><\/p>\n<p><span style=\"font-family: Calibri,sans-serif;\"><span style=\"font-size: x-large;\">Kriy\u00e4-Shakti ist Tamashi-M\u00e4ya, genannt Shiva-Shakti<\/span><\/span><\/p>\n<p><span style=\"font-family: Calibri,sans-serif;\"><span style=\"font-size: x-large;\">Mah\u00e4-M\u00e4y\u00e4 Jaganmayi gestaltet das Werden-Sein-Vergehen mit Hilfe dieser drei Shaktis, deshalb hei\u00dft es auch \u201eTrigunyamayi-Prakriti\u201c also Mikro- und Makro-Kosmos implizieren diese drei gun\u00e4 Eigenschaften.<\/span><\/span><\/p>\n<p><span style=\"font-family: Calibri,sans-serif;\"><span style=\"font-size: x-large;\">&#8222;Die metaphysische Synthese belegt, dass das Mantra-Vidya nicht nur eine Rezitation oder Denk \u00dcbung f\u00fcr die innige-fesselnde Meditation, sondern einen sicheren Weg f\u00fcr die geistige Sublimation ist&#8220;. Die blo\u00dfe \u00c4u\u00dferung eines Mantras ohne integrale Kenntnis (Pragn\u00e4) seines Sinnes, ohne mentale-psychische Reinigung (citta-shuddhi), ernsthafte Vorbereitung (anta-prastuti), systematische Eignung (purna-addhik\u00e4ra), Erfahrung in die Bewusstseinsschulung gem\u00e4\u00df Pat\u00e4njalis ersten sechs Stufen wie Y\u00e4ma, Niyama, \u00c4sana, Pr\u00e4n\u00e4y\u00e4m\u00e4, Pratyah\u00e4r\u00e4 und Dh\u00e4ran\u00e4 einen ernst zu nehmenden Erfolg ist unm\u00f6glich.<\/span><\/span><\/p>\n","protected":false},"excerpt":{"rendered":"<p>&#8230; und die Voraussetzungen f\u00fcr den Erfolg: &nbsp; Spanda (als Deva-parikalpan\u00e4), dann Shabda\/ Dhani, N\u00e4da, Bindu, Varna, Akkhara, Vakya sind die sukzessive Entwicklung von Nirguna-Brahma zum Shaguna-Brahma als Mah\u00e4-Shakti- frei von Feinstofflichkeit ins Grobstoffliche. Dieser Shakti-Aspekt manifestiert sich als Impuls in dreierlei Weise und zwar Erkenntnis (Jn\u00e4na-Shakti), Denken und \u00c4u\u00dfern (Ichch\u00e4-Shakti), die Bem\u00fchung f\u00fcr die &hellip; <a href=\"http:\/\/blog.saranagata.de\/?page_id=205\" class=\"more-link\"><span class=\"screen-reader-text\">Die Praxis des Mantra-Yoga<\/span> weiterlesen<\/a><\/p>\n","protected":false},"author":1,"featured_media":0,"parent":0,"menu_order":0,"comment_status":"closed","ping_status":"closed","template":"","meta":[],"yoast_head":"<!-- This site is optimized with the Yoast SEO plugin v20.10 - https:\/\/yoast.com\/wordpress\/plugins\/seo\/ -->\n<title>Die Praxis des Mantra-Yoga - Saranagata<\/title>\n<meta name=\"robots\" content=\"index, follow, max-snippet:-1, max-image-preview:large, max-video-preview:-1\" \/>\n<link rel=\"canonical\" href=\"http:\/\/blog.saranagata.de\/?page_id=205\" \/>\n<meta property=\"og:locale\" content=\"de_DE\" \/>\n<meta property=\"og:type\" content=\"article\" \/>\n<meta property=\"og:title\" content=\"Die Praxis des Mantra-Yoga - Saranagata\" \/>\n<meta property=\"og:description\" content=\"&#8230; und die Voraussetzungen f\u00fcr den Erfolg: &nbsp; Spanda (als Deva-parikalpan\u00e4), dann Shabda\/ Dhani, N\u00e4da, Bindu, Varna, Akkhara, Vakya sind die sukzessive Entwicklung von Nirguna-Brahma zum Shaguna-Brahma als Mah\u00e4-Shakti- frei von Feinstofflichkeit ins Grobstoffliche. Dieser Shakti-Aspekt manifestiert sich als Impuls in dreierlei Weise und zwar Erkenntnis (Jn\u00e4na-Shakti), Denken und \u00c4u\u00dfern (Ichch\u00e4-Shakti), die Bem\u00fchung f\u00fcr die &hellip; Die Praxis des Mantra-Yoga weiterlesen\" \/>\n<meta property=\"og:url\" content=\"http:\/\/blog.saranagata.de\/?page_id=205\" \/>\n<meta property=\"og:site_name\" content=\"Saranagata\" \/>\n<meta property=\"article:modified_time\" content=\"2015-08-24T20:01:30+00:00\" \/>\n<meta name=\"twitter:card\" content=\"summary_large_image\" \/>\n<meta name=\"twitter:label1\" content=\"Gesch\u00e4tzte Lesezeit\" \/>\n\t<meta name=\"twitter:data1\" content=\"1 Minute\" \/>\n<script type=\"application\/ld+json\" class=\"yoast-schema-graph\">{\"@context\":\"https:\/\/schema.org\",\"@graph\":[{\"@type\":\"WebPage\",\"@id\":\"http:\/\/blog.saranagata.de\/?page_id=205\",\"url\":\"http:\/\/blog.saranagata.de\/?page_id=205\",\"name\":\"Die Praxis des Mantra-Yoga - Saranagata\",\"isPartOf\":{\"@id\":\"http:\/\/blog.saranagata.de\/#website\"},\"datePublished\":\"2015-08-17T19:09:06+00:00\",\"dateModified\":\"2015-08-24T20:01:30+00:00\",\"breadcrumb\":{\"@id\":\"http:\/\/blog.saranagata.de\/?page_id=205#breadcrumb\"},\"inLanguage\":\"de-DE\",\"potentialAction\":[{\"@type\":\"ReadAction\",\"target\":[\"http:\/\/blog.saranagata.de\/?page_id=205\"]}]},{\"@type\":\"BreadcrumbList\",\"@id\":\"http:\/\/blog.saranagata.de\/?page_id=205#breadcrumb\",\"itemListElement\":[{\"@type\":\"ListItem\",\"position\":1,\"name\":\"Startseite\",\"item\":\"http:\/\/blog.saranagata.de\/\"},{\"@type\":\"ListItem\",\"position\":2,\"name\":\"Die Praxis des Mantra-Yoga\"}]},{\"@type\":\"WebSite\",\"@id\":\"http:\/\/blog.saranagata.de\/#website\",\"url\":\"http:\/\/blog.saranagata.de\/\",\"name\":\"Saranagata\",\"description\":\"Parthasarathis spirituelle Oase\",\"potentialAction\":[{\"@type\":\"SearchAction\",\"target\":{\"@type\":\"EntryPoint\",\"urlTemplate\":\"http:\/\/blog.saranagata.de\/?s={search_term_string}\"},\"query-input\":\"required name=search_term_string\"}],\"inLanguage\":\"de-DE\"}]}<\/script>\n<!-- \/ Yoast SEO plugin. -->","yoast_head_json":{"title":"Die Praxis des Mantra-Yoga - Saranagata","robots":{"index":"index","follow":"follow","max-snippet":"max-snippet:-1","max-image-preview":"max-image-preview:large","max-video-preview":"max-video-preview:-1"},"canonical":"http:\/\/blog.saranagata.de\/?page_id=205","og_locale":"de_DE","og_type":"article","og_title":"Die Praxis des Mantra-Yoga - Saranagata","og_description":"&#8230; und die Voraussetzungen f\u00fcr den Erfolg: &nbsp; Spanda (als Deva-parikalpan\u00e4), dann Shabda\/ Dhani, N\u00e4da, Bindu, Varna, Akkhara, Vakya sind die sukzessive Entwicklung von Nirguna-Brahma zum Shaguna-Brahma als Mah\u00e4-Shakti- frei von Feinstofflichkeit ins Grobstoffliche. Dieser Shakti-Aspekt manifestiert sich als Impuls in dreierlei Weise und zwar Erkenntnis (Jn\u00e4na-Shakti), Denken und \u00c4u\u00dfern (Ichch\u00e4-Shakti), die Bem\u00fchung f\u00fcr die &hellip; Die Praxis des Mantra-Yoga weiterlesen","og_url":"http:\/\/blog.saranagata.de\/?page_id=205","og_site_name":"Saranagata","article_modified_time":"2015-08-24T20:01:30+00:00","twitter_card":"summary_large_image","twitter_misc":{"Gesch\u00e4tzte Lesezeit":"1 Minute"},"schema":{"@context":"https:\/\/schema.org","@graph":[{"@type":"WebPage","@id":"http:\/\/blog.saranagata.de\/?page_id=205","url":"http:\/\/blog.saranagata.de\/?page_id=205","name":"Die Praxis des Mantra-Yoga - Saranagata","isPartOf":{"@id":"http:\/\/blog.saranagata.de\/#website"},"datePublished":"2015-08-17T19:09:06+00:00","dateModified":"2015-08-24T20:01:30+00:00","breadcrumb":{"@id":"http:\/\/blog.saranagata.de\/?page_id=205#breadcrumb"},"inLanguage":"de-DE","potentialAction":[{"@type":"ReadAction","target":["http:\/\/blog.saranagata.de\/?page_id=205"]}]},{"@type":"BreadcrumbList","@id":"http:\/\/blog.saranagata.de\/?page_id=205#breadcrumb","itemListElement":[{"@type":"ListItem","position":1,"name":"Startseite","item":"http:\/\/blog.saranagata.de\/"},{"@type":"ListItem","position":2,"name":"Die Praxis des Mantra-Yoga"}]},{"@type":"WebSite","@id":"http:\/\/blog.saranagata.de\/#website","url":"http:\/\/blog.saranagata.de\/","name":"Saranagata","description":"Parthasarathis spirituelle Oase","potentialAction":[{"@type":"SearchAction","target":{"@type":"EntryPoint","urlTemplate":"http:\/\/blog.saranagata.de\/?s={search_term_string}"},"query-input":"required name=search_term_string"}],"inLanguage":"de-DE"}]}},"_links":{"self":[{"href":"http:\/\/blog.saranagata.de\/index.php?rest_route=\/wp\/v2\/pages\/205"}],"collection":[{"href":"http:\/\/blog.saranagata.de\/index.php?rest_route=\/wp\/v2\/pages"}],"about":[{"href":"http:\/\/blog.saranagata.de\/index.php?rest_route=\/wp\/v2\/types\/page"}],"author":[{"embeddable":true,"href":"http:\/\/blog.saranagata.de\/index.php?rest_route=\/wp\/v2\/users\/1"}],"replies":[{"embeddable":true,"href":"http:\/\/blog.saranagata.de\/index.php?rest_route=%2Fwp%2Fv2%2Fcomments&post=205"}],"version-history":[{"count":1,"href":"http:\/\/blog.saranagata.de\/index.php?rest_route=\/wp\/v2\/pages\/205\/revisions"}],"predecessor-version":[{"id":207,"href":"http:\/\/blog.saranagata.de\/index.php?rest_route=\/wp\/v2\/pages\/205\/revisions\/207"}],"wp:attachment":[{"href":"http:\/\/blog.saranagata.de\/index.php?rest_route=%2Fwp%2Fv2%2Fmedia&parent=205"}],"curies":[{"name":"wp","href":"https:\/\/api.w.org\/{rel}","templated":true}]}}