{"id":193,"date":"2015-08-17T19:03:06","date_gmt":"2015-08-17T19:03:06","guid":{"rendered":"http:\/\/blog.saranagata.de\/?page_id=193"},"modified":"2015-12-12T14:42:02","modified_gmt":"2015-12-12T14:42:02","slug":"die-mantra-wissenschaft","status":"publish","type":"page","link":"http:\/\/blog.saranagata.de\/?page_id=193","title":{"rendered":"Die Mantra Wissenschaft"},"content":{"rendered":"<p><em><strong><span style=\"font-family: Calibri,sans-serif;\"><span style=\"font-size: x-large;\">&#8211; &#8211; &#8211; Mantra Vidya &#8211; &#8211; &#8211;<\/span><\/span><\/strong><\/em><\/p>\n<p><span style=\"font-family: Calibri,sans-serif;\"><span style=\"font-size: x-large;\">Das skt. Wort \u201eMantra\u201c ist im Westen, neben Yoga, eine der am st\u00e4rksten strapaziertesten und missbrauchtesten W\u00f6rter aus der hinduistischen Metaphysik. Das Wort \u201eMantra\u201c stammt vom Pr\u00e4fix \u201emana\u201c also Geist oder auch \u201emanushya\u201c der Mensch. \u201eTr\u00e4\u201c aus der Wurzel \u201etr\u00e4hna\u201c also retten, befreien d.h. das Mantra soll denjenigen aus dem Kreislauf von Sams\u00e4r\u00e4 befreien, erl\u00f6sen, der es entsprechend vortr\u00e4gt und verwirklicht. <\/span><\/span><\/p>\n<p><span style=\"font-family: Calibri,sans-serif;\"><span style=\"font-size: x-large;\">Tena deva praponnohshvmi N\u00e4r\u00e4yana Par\u00e4yana,<br \/>\nJagat sams\u00e4ra mokshartam <b>tr\u00e4hi m\u00e4m<\/b> Madhusudhana (vide: Vasudev\u00e4shtaka).<\/span><\/span><\/p>\n<p><span style=\"font-family: Calibri,sans-serif;\"><span style=\"font-size: x-large;\">Gebet, Andacht, Rezitation von Sutras (Leitfaden) und Hymnen oder gar Kirtana-Chor singen, haben mit dem Mantra nur peripher etwas zu tun. Denn Mantra ist eine nur f\u00fcr die Person (s\u00e4dhaka) zugeschnittene, das hei\u00dft geeignete, absolut individuelle und intime, inh\u00e4rente, progressive Wachstumskonzeption.<\/span><\/span><\/p>\n<p><span style=\"font-family: Calibri,sans-serif;\"><span style=\"font-size: x-large;\">Um den Mantra-Vidya in ihrem kausalen Kontext zu verstehen, bedarf es Kenntnissen \u00fcber die urspr\u00fcnglich unit\u00e4re strukturierte Auffassung der hinduistischen Metaphysik. <\/span><\/span><\/p>\n<p><span style=\"font-family: Calibri,sans-serif;\"><span style=\"font-size: x-large;\">Zun\u00e4chst etwas \u00fcber die konzentrierte Exegese \u00fcber Spanda (die Schwingung, die Vibration), N\u00e4da\/Sabda (Sch\u00f6pfungskonzeption), Bindu oder Ghanabindu (ein Punkt: h\u00f6chst konzentriertes etwas vor dem Sch\u00f6pfungsbeginn und nach dem totalen Untergang (mah\u00e4-pralya), gilt als Manifestation von Shakti-Aspekt also dynamische Energie oder das erste perspektivische Darstellung des Bewusstseins (idam). Sowie im Suddha-Sristi-Prapanca ( der reiner Sch\u00f6pfungs ph\u00e4nomenale Realit\u00e4t) gibt es auch 5 Sabda\/Dhvani-Prapanca und die sukzessive Entwicklung erfolgt immer von subtilen- in Richtung hin zur grob stofflichen Konsistenz. <\/span><\/span><\/p>\n<p align=\"CENTER\"><span style=\"font-family: Calibri,sans-serif;\"><span style=\"font-size: x-large;\"><b>im Folgenden eine kurze \u00dcbersicht von Ursprung und Entwicklung:<\/b><\/span><\/span><\/p>\n","protected":false},"excerpt":{"rendered":"<p>&#8211; &#8211; &#8211; Mantra Vidya &#8211; &#8211; &#8211; Das skt. Wort \u201eMantra\u201c ist im Westen, neben Yoga, eine der am st\u00e4rksten strapaziertesten und missbrauchtesten W\u00f6rter aus der hinduistischen Metaphysik. Das Wort \u201eMantra\u201c stammt vom Pr\u00e4fix \u201emana\u201c also Geist oder auch \u201emanushya\u201c der Mensch. \u201eTr\u00e4\u201c aus der Wurzel \u201etr\u00e4hna\u201c also retten, befreien d.h. das Mantra soll &hellip; <a href=\"http:\/\/blog.saranagata.de\/?page_id=193\" class=\"more-link\"><span class=\"screen-reader-text\">Die Mantra Wissenschaft<\/span> weiterlesen<\/a><\/p>\n","protected":false},"author":1,"featured_media":0,"parent":0,"menu_order":0,"comment_status":"open","ping_status":"open","template":"","meta":[],"yoast_head":"<!-- This site is optimized with the Yoast SEO plugin v20.10 - https:\/\/yoast.com\/wordpress\/plugins\/seo\/ -->\n<title>Die Mantra Wissenschaft - Saranagata<\/title>\n<meta name=\"robots\" content=\"index, follow, max-snippet:-1, max-image-preview:large, max-video-preview:-1\" \/>\n<link rel=\"canonical\" href=\"http:\/\/blog.saranagata.de\/?page_id=193\" \/>\n<meta property=\"og:locale\" content=\"de_DE\" \/>\n<meta property=\"og:type\" content=\"article\" \/>\n<meta property=\"og:title\" content=\"Die Mantra Wissenschaft - Saranagata\" \/>\n<meta property=\"og:description\" content=\"&#8211; &#8211; &#8211; Mantra Vidya &#8211; &#8211; &#8211; Das skt. Wort \u201eMantra\u201c ist im Westen, neben Yoga, eine der am st\u00e4rksten strapaziertesten und missbrauchtesten W\u00f6rter aus der hinduistischen Metaphysik. Das Wort \u201eMantra\u201c stammt vom Pr\u00e4fix \u201emana\u201c also Geist oder auch \u201emanushya\u201c der Mensch. \u201eTr\u00e4\u201c aus der Wurzel \u201etr\u00e4hna\u201c also retten, befreien d.h. das Mantra soll &hellip; Die Mantra Wissenschaft weiterlesen\" \/>\n<meta property=\"og:url\" content=\"http:\/\/blog.saranagata.de\/?page_id=193\" \/>\n<meta property=\"og:site_name\" content=\"Saranagata\" \/>\n<meta property=\"article:modified_time\" content=\"2015-12-12T14:42:02+00:00\" \/>\n<meta name=\"twitter:card\" content=\"summary_large_image\" \/>\n<meta name=\"twitter:label1\" content=\"Gesch\u00e4tzte Lesezeit\" \/>\n\t<meta name=\"twitter:data1\" content=\"1 Minute\" \/>\n<script type=\"application\/ld+json\" class=\"yoast-schema-graph\">{\"@context\":\"https:\/\/schema.org\",\"@graph\":[{\"@type\":\"WebPage\",\"@id\":\"http:\/\/blog.saranagata.de\/?page_id=193\",\"url\":\"http:\/\/blog.saranagata.de\/?page_id=193\",\"name\":\"Die Mantra Wissenschaft - Saranagata\",\"isPartOf\":{\"@id\":\"http:\/\/blog.saranagata.de\/#website\"},\"datePublished\":\"2015-08-17T19:03:06+00:00\",\"dateModified\":\"2015-12-12T14:42:02+00:00\",\"breadcrumb\":{\"@id\":\"http:\/\/blog.saranagata.de\/?page_id=193#breadcrumb\"},\"inLanguage\":\"de-DE\",\"potentialAction\":[{\"@type\":\"ReadAction\",\"target\":[\"http:\/\/blog.saranagata.de\/?page_id=193\"]}]},{\"@type\":\"BreadcrumbList\",\"@id\":\"http:\/\/blog.saranagata.de\/?page_id=193#breadcrumb\",\"itemListElement\":[{\"@type\":\"ListItem\",\"position\":1,\"name\":\"Startseite\",\"item\":\"http:\/\/blog.saranagata.de\/\"},{\"@type\":\"ListItem\",\"position\":2,\"name\":\"Die Mantra Wissenschaft\"}]},{\"@type\":\"WebSite\",\"@id\":\"http:\/\/blog.saranagata.de\/#website\",\"url\":\"http:\/\/blog.saranagata.de\/\",\"name\":\"Saranagata\",\"description\":\"Parthasarathis spirituelle Oase\",\"potentialAction\":[{\"@type\":\"SearchAction\",\"target\":{\"@type\":\"EntryPoint\",\"urlTemplate\":\"http:\/\/blog.saranagata.de\/?s={search_term_string}\"},\"query-input\":\"required name=search_term_string\"}],\"inLanguage\":\"de-DE\"}]}<\/script>\n<!-- \/ Yoast SEO plugin. -->","yoast_head_json":{"title":"Die Mantra Wissenschaft - Saranagata","robots":{"index":"index","follow":"follow","max-snippet":"max-snippet:-1","max-image-preview":"max-image-preview:large","max-video-preview":"max-video-preview:-1"},"canonical":"http:\/\/blog.saranagata.de\/?page_id=193","og_locale":"de_DE","og_type":"article","og_title":"Die Mantra Wissenschaft - Saranagata","og_description":"&#8211; &#8211; &#8211; Mantra Vidya &#8211; &#8211; &#8211; Das skt. Wort \u201eMantra\u201c ist im Westen, neben Yoga, eine der am st\u00e4rksten strapaziertesten und missbrauchtesten W\u00f6rter aus der hinduistischen Metaphysik. Das Wort \u201eMantra\u201c stammt vom Pr\u00e4fix \u201emana\u201c also Geist oder auch \u201emanushya\u201c der Mensch. \u201eTr\u00e4\u201c aus der Wurzel \u201etr\u00e4hna\u201c also retten, befreien d.h. das Mantra soll &hellip; Die Mantra Wissenschaft weiterlesen","og_url":"http:\/\/blog.saranagata.de\/?page_id=193","og_site_name":"Saranagata","article_modified_time":"2015-12-12T14:42:02+00:00","twitter_card":"summary_large_image","twitter_misc":{"Gesch\u00e4tzte Lesezeit":"1 Minute"},"schema":{"@context":"https:\/\/schema.org","@graph":[{"@type":"WebPage","@id":"http:\/\/blog.saranagata.de\/?page_id=193","url":"http:\/\/blog.saranagata.de\/?page_id=193","name":"Die Mantra Wissenschaft - Saranagata","isPartOf":{"@id":"http:\/\/blog.saranagata.de\/#website"},"datePublished":"2015-08-17T19:03:06+00:00","dateModified":"2015-12-12T14:42:02+00:00","breadcrumb":{"@id":"http:\/\/blog.saranagata.de\/?page_id=193#breadcrumb"},"inLanguage":"de-DE","potentialAction":[{"@type":"ReadAction","target":["http:\/\/blog.saranagata.de\/?page_id=193"]}]},{"@type":"BreadcrumbList","@id":"http:\/\/blog.saranagata.de\/?page_id=193#breadcrumb","itemListElement":[{"@type":"ListItem","position":1,"name":"Startseite","item":"http:\/\/blog.saranagata.de\/"},{"@type":"ListItem","position":2,"name":"Die Mantra Wissenschaft"}]},{"@type":"WebSite","@id":"http:\/\/blog.saranagata.de\/#website","url":"http:\/\/blog.saranagata.de\/","name":"Saranagata","description":"Parthasarathis spirituelle Oase","potentialAction":[{"@type":"SearchAction","target":{"@type":"EntryPoint","urlTemplate":"http:\/\/blog.saranagata.de\/?s={search_term_string}"},"query-input":"required name=search_term_string"}],"inLanguage":"de-DE"}]}},"_links":{"self":[{"href":"http:\/\/blog.saranagata.de\/index.php?rest_route=\/wp\/v2\/pages\/193"}],"collection":[{"href":"http:\/\/blog.saranagata.de\/index.php?rest_route=\/wp\/v2\/pages"}],"about":[{"href":"http:\/\/blog.saranagata.de\/index.php?rest_route=\/wp\/v2\/types\/page"}],"author":[{"embeddable":true,"href":"http:\/\/blog.saranagata.de\/index.php?rest_route=\/wp\/v2\/users\/1"}],"replies":[{"embeddable":true,"href":"http:\/\/blog.saranagata.de\/index.php?rest_route=%2Fwp%2Fv2%2Fcomments&post=193"}],"version-history":[{"count":3,"href":"http:\/\/blog.saranagata.de\/index.php?rest_route=\/wp\/v2\/pages\/193\/revisions"}],"predecessor-version":[{"id":291,"href":"http:\/\/blog.saranagata.de\/index.php?rest_route=\/wp\/v2\/pages\/193\/revisions\/291"}],"wp:attachment":[{"href":"http:\/\/blog.saranagata.de\/index.php?rest_route=%2Fwp%2Fv2%2Fmedia&parent=193"}],"curies":[{"name":"wp","href":"https:\/\/api.w.org\/{rel}","templated":true}]}}