{"id":16,"date":"2015-06-20T14:44:50","date_gmt":"2015-06-20T14:44:50","guid":{"rendered":"http:\/\/blog.saranagata.de\/?page_id=16"},"modified":"2015-12-12T14:10:12","modified_gmt":"2015-12-12T14:10:12","slug":"text-1","status":"publish","type":"page","link":"http:\/\/blog.saranagata.de\/?page_id=16","title":{"rendered":"Worum geht es hier?"},"content":{"rendered":"<p align=\"JUSTIFY\"><span style=\"font-size: x-large;\">Authentische Erl\u00e4uterungen sowie spezifische Anweisungen \u00fcber Selbstfindung und Selbsterkenntnis eingebettet in den universellen Wegen der Spiritualit\u00e4t updated in der Moderne.<\/span><\/p>\n<p align=\"JUSTIFY\"><span style=\"font-size: xx-large;\"><b>Denk mal!<\/b><\/span><\/p>\n<p align=\"JUSTIFY\"><span style=\"font-size: x-large;\">Du bist einmalig, denn in dir schwingt nicht nur die gesamte evolutionshistorische Sch\u00f6pfungssequenz, sondern auch die Architektur deiner verhei\u00dfungsvollen Zukunft, die transzendentale Selbsterkenntnis, also dein wahres Selbst, strukturiert und eingepr\u00e4gt durch die Fu\u00dfstapfen des ultimativen und ewigen Seins.<\/span><\/p>\n<p align=\"JUSTIFY\"><span style=\"font-size: xx-large;\"><b>Werde dessen bewusst!<br \/>\n<\/b><\/span><\/p>\n<p align=\"JUSTIFY\"><span style=\"font-size: x-large;\">Die <em>spirituelle OASE<\/em> beschreibt eine <span style=\"text-decoration: underline;\"><strong>O<\/strong><\/span>rientierung in<br \/>\n<span style=\"text-decoration: underline;\"><strong>A<\/strong><\/span>uthentischer <span style=\"text-decoration: underline;\"><strong>SE<\/strong><\/span>lbsterkenntnis.<\/span><\/p>\n","protected":false},"excerpt":{"rendered":"<p>Authentische Erl\u00e4uterungen sowie spezifische Anweisungen \u00fcber Selbstfindung und Selbsterkenntnis eingebettet in den universellen Wegen der Spiritualit\u00e4t updated in der Moderne. Denk mal! Du bist einmalig, denn in dir schwingt nicht nur die gesamte evolutionshistorische Sch\u00f6pfungssequenz, sondern auch die Architektur deiner verhei\u00dfungsvollen Zukunft, die transzendentale Selbsterkenntnis, also dein wahres Selbst, strukturiert und eingepr\u00e4gt durch die Fu\u00dfstapfen &hellip; <a href=\"http:\/\/blog.saranagata.de\/?page_id=16\" class=\"more-link\"><span class=\"screen-reader-text\">Worum geht es hier?<\/span> weiterlesen<\/a><\/p>\n","protected":false},"author":1,"featured_media":0,"parent":0,"menu_order":1,"comment_status":"closed","ping_status":"closed","template":"","meta":[],"yoast_head":"<!-- This site is optimized with the Yoast SEO plugin v20.10 - https:\/\/yoast.com\/wordpress\/plugins\/seo\/ -->\n<title>Worum geht es hier? - Saranagata<\/title>\n<meta name=\"robots\" content=\"index, follow, max-snippet:-1, max-image-preview:large, max-video-preview:-1\" \/>\n<link rel=\"canonical\" href=\"http:\/\/blog.saranagata.de\/?page_id=16\" \/>\n<meta property=\"og:locale\" content=\"de_DE\" \/>\n<meta property=\"og:type\" content=\"article\" \/>\n<meta property=\"og:title\" content=\"Worum geht es hier? - Saranagata\" \/>\n<meta property=\"og:description\" content=\"Authentische Erl\u00e4uterungen sowie spezifische Anweisungen \u00fcber Selbstfindung und Selbsterkenntnis eingebettet in den universellen Wegen der Spiritualit\u00e4t updated in der Moderne. Denk mal! Du bist einmalig, denn in dir schwingt nicht nur die gesamte evolutionshistorische Sch\u00f6pfungssequenz, sondern auch die Architektur deiner verhei\u00dfungsvollen Zukunft, die transzendentale Selbsterkenntnis, also dein wahres Selbst, strukturiert und eingepr\u00e4gt durch die Fu\u00dfstapfen &hellip; Worum geht es hier? weiterlesen\" \/>\n<meta property=\"og:url\" content=\"http:\/\/blog.saranagata.de\/?page_id=16\" \/>\n<meta property=\"og:site_name\" content=\"Saranagata\" \/>\n<meta property=\"article:modified_time\" content=\"2015-12-12T14:10:12+00:00\" \/>\n<meta name=\"twitter:card\" content=\"summary_large_image\" \/>\n<script type=\"application\/ld+json\" class=\"yoast-schema-graph\">{\"@context\":\"https:\/\/schema.org\",\"@graph\":[{\"@type\":\"WebPage\",\"@id\":\"http:\/\/blog.saranagata.de\/?page_id=16\",\"url\":\"http:\/\/blog.saranagata.de\/?page_id=16\",\"name\":\"Worum geht es hier? - Saranagata\",\"isPartOf\":{\"@id\":\"http:\/\/blog.saranagata.de\/#website\"},\"datePublished\":\"2015-06-20T14:44:50+00:00\",\"dateModified\":\"2015-12-12T14:10:12+00:00\",\"breadcrumb\":{\"@id\":\"http:\/\/blog.saranagata.de\/?page_id=16#breadcrumb\"},\"inLanguage\":\"de-DE\",\"potentialAction\":[{\"@type\":\"ReadAction\",\"target\":[\"http:\/\/blog.saranagata.de\/?page_id=16\"]}]},{\"@type\":\"BreadcrumbList\",\"@id\":\"http:\/\/blog.saranagata.de\/?page_id=16#breadcrumb\",\"itemListElement\":[{\"@type\":\"ListItem\",\"position\":1,\"name\":\"Startseite\",\"item\":\"http:\/\/blog.saranagata.de\/\"},{\"@type\":\"ListItem\",\"position\":2,\"name\":\"Worum geht es hier?\"}]},{\"@type\":\"WebSite\",\"@id\":\"http:\/\/blog.saranagata.de\/#website\",\"url\":\"http:\/\/blog.saranagata.de\/\",\"name\":\"Saranagata\",\"description\":\"Parthasarathis spirituelle Oase\",\"potentialAction\":[{\"@type\":\"SearchAction\",\"target\":{\"@type\":\"EntryPoint\",\"urlTemplate\":\"http:\/\/blog.saranagata.de\/?s={search_term_string}\"},\"query-input\":\"required name=search_term_string\"}],\"inLanguage\":\"de-DE\"}]}<\/script>\n<!-- \/ Yoast SEO plugin. -->","yoast_head_json":{"title":"Worum geht es hier? - Saranagata","robots":{"index":"index","follow":"follow","max-snippet":"max-snippet:-1","max-image-preview":"max-image-preview:large","max-video-preview":"max-video-preview:-1"},"canonical":"http:\/\/blog.saranagata.de\/?page_id=16","og_locale":"de_DE","og_type":"article","og_title":"Worum geht es hier? - Saranagata","og_description":"Authentische Erl\u00e4uterungen sowie spezifische Anweisungen \u00fcber Selbstfindung und Selbsterkenntnis eingebettet in den universellen Wegen der Spiritualit\u00e4t updated in der Moderne. Denk mal! Du bist einmalig, denn in dir schwingt nicht nur die gesamte evolutionshistorische Sch\u00f6pfungssequenz, sondern auch die Architektur deiner verhei\u00dfungsvollen Zukunft, die transzendentale Selbsterkenntnis, also dein wahres Selbst, strukturiert und eingepr\u00e4gt durch die Fu\u00dfstapfen &hellip; Worum geht es hier? weiterlesen","og_url":"http:\/\/blog.saranagata.de\/?page_id=16","og_site_name":"Saranagata","article_modified_time":"2015-12-12T14:10:12+00:00","twitter_card":"summary_large_image","schema":{"@context":"https:\/\/schema.org","@graph":[{"@type":"WebPage","@id":"http:\/\/blog.saranagata.de\/?page_id=16","url":"http:\/\/blog.saranagata.de\/?page_id=16","name":"Worum geht es hier? - Saranagata","isPartOf":{"@id":"http:\/\/blog.saranagata.de\/#website"},"datePublished":"2015-06-20T14:44:50+00:00","dateModified":"2015-12-12T14:10:12+00:00","breadcrumb":{"@id":"http:\/\/blog.saranagata.de\/?page_id=16#breadcrumb"},"inLanguage":"de-DE","potentialAction":[{"@type":"ReadAction","target":["http:\/\/blog.saranagata.de\/?page_id=16"]}]},{"@type":"BreadcrumbList","@id":"http:\/\/blog.saranagata.de\/?page_id=16#breadcrumb","itemListElement":[{"@type":"ListItem","position":1,"name":"Startseite","item":"http:\/\/blog.saranagata.de\/"},{"@type":"ListItem","position":2,"name":"Worum geht es hier?"}]},{"@type":"WebSite","@id":"http:\/\/blog.saranagata.de\/#website","url":"http:\/\/blog.saranagata.de\/","name":"Saranagata","description":"Parthasarathis spirituelle Oase","potentialAction":[{"@type":"SearchAction","target":{"@type":"EntryPoint","urlTemplate":"http:\/\/blog.saranagata.de\/?s={search_term_string}"},"query-input":"required name=search_term_string"}],"inLanguage":"de-DE"}]}},"_links":{"self":[{"href":"http:\/\/blog.saranagata.de\/index.php?rest_route=\/wp\/v2\/pages\/16"}],"collection":[{"href":"http:\/\/blog.saranagata.de\/index.php?rest_route=\/wp\/v2\/pages"}],"about":[{"href":"http:\/\/blog.saranagata.de\/index.php?rest_route=\/wp\/v2\/types\/page"}],"author":[{"embeddable":true,"href":"http:\/\/blog.saranagata.de\/index.php?rest_route=\/wp\/v2\/users\/1"}],"replies":[{"embeddable":true,"href":"http:\/\/blog.saranagata.de\/index.php?rest_route=%2Fwp%2Fv2%2Fcomments&post=16"}],"version-history":[{"count":11,"href":"http:\/\/blog.saranagata.de\/index.php?rest_route=\/wp\/v2\/pages\/16\/revisions"}],"predecessor-version":[{"id":282,"href":"http:\/\/blog.saranagata.de\/index.php?rest_route=\/wp\/v2\/pages\/16\/revisions\/282"}],"wp:attachment":[{"href":"http:\/\/blog.saranagata.de\/index.php?rest_route=%2Fwp%2Fv2%2Fmedia&parent=16"}],"curies":[{"name":"wp","href":"https:\/\/api.w.org\/{rel}","templated":true}]}}